CRAN Package Check Results for Package esaps

Last updated on 2025-10-02 22:50:55 CEST.

Flavor Version Tinstall Tcheck Ttotal Status Flags
r-devel-linux-x86_64-debian-clang 0.2.2 2.68 23.82 26.50 NOTE
r-devel-linux-x86_64-debian-gcc 0.2.2 1.73 18.60 20.33 NOTE
r-devel-linux-x86_64-fedora-clang 0.2.2 40.97 NOTE
r-devel-linux-x86_64-fedora-gcc 0.2.2 36.64 NOTE
r-devel-windows-x86_64 0.2.2 4.00 44.00 48.00 NOTE
r-patched-linux-x86_64 0.2.2 2.82 22.42 25.24 NOTE
r-release-linux-x86_64 0.2.2 2.55 22.26 24.81 NOTE
r-release-macos-arm64 0.2.2 18.00 NOTE
r-release-macos-x86_64 0.2.2 27.00 NOTE
r-release-windows-x86_64 0.2.2 4.00 44.00 48.00 NOTE
r-oldrel-macos-arm64 0.2.2 18.00 NOTE
r-oldrel-macos-x86_64 0.2.2 24.00 NOTE
r-oldrel-windows-x86_64 0.2.2 6.00 49.00 55.00 NOTE

Check Details

Version: 0.2.2
Check: Rd files
Result: NOTE checkRd: (-1) enp.Rd:30: Lost braces in \itemize; \value handles \item{}{} directly checkRd: (-1) enp.Rd:31: Lost braces in \itemize; \value handles \item{}{} directly checkRd: (-1) evolat.Rd:49: Lost braces in \itemize; \value handles \item{}{} directly checkRd: (-1) evolat.Rd:50: Lost braces in \itemize; \value handles \item{}{} directly checkRd: (-1) psns.Rd:37: Lost braces in \itemize; \value handles \item{}{} directly checkRd: (-1) psns.Rd:38: Lost braces in \itemize; \value handles \item{}{} directly Flavors: r-devel-linux-x86_64-debian-clang, r-devel-linux-x86_64-debian-gcc, r-devel-linux-x86_64-fedora-clang, r-devel-linux-x86_64-fedora-gcc, r-devel-windows-x86_64, r-patched-linux-x86_64, r-release-linux-x86_64, r-release-macos-arm64, r-release-macos-x86_64, r-release-windows-x86_64, r-oldrel-macos-arm64, r-oldrel-macos-x86_64, r-oldrel-windows-x86_64