Last updated on 2025-11-16 06:49:35 CET.
| Flavor | Version | Tinstall | Tcheck | Ttotal | Status | Flags |
|---|---|---|---|---|---|---|
| r-devel-linux-x86_64-debian-clang | 1.0.7 | 68.93 | 296.65 | 365.58 | OK | |
| r-devel-linux-x86_64-debian-gcc | 1.0.7 | 44.71 | 231.01 | 275.72 | NOTE | |
| r-devel-linux-x86_64-fedora-clang | 1.0.7 | 411.00 | 237.33 | 648.33 | OK | |
| r-devel-linux-x86_64-fedora-gcc | 1.0.7 | 148.00 | 404.50 | 552.50 | OK | |
| r-devel-windows-x86_64 | 1.0.7 | 80.00 | 279.00 | 359.00 | OK | |
| r-patched-linux-x86_64 | 1.0.7 | 67.95 | 284.76 | 352.71 | OK | |
| r-release-linux-x86_64 | 1.0.7 | 63.20 | 346.16 | 409.36 | OK | |
| r-release-macos-arm64 | 1.0.7 | 28.00 | 90.00 | 118.00 | OK | |
| r-release-macos-x86_64 | 1.0.7 | 70.00 | 119.00 | 189.00 | OK | |
| r-release-windows-x86_64 | 1.0.7 | 70.00 | 276.00 | 346.00 | OK | |
| r-oldrel-macos-arm64 | 1.0.7 | 23.00 | 80.00 | 103.00 | OK | |
| r-oldrel-macos-x86_64 | 1.0.7 | 60.00 | 181.00 | 241.00 | OK | |
| r-oldrel-windows-x86_64 | 1.0.7 | 99.00 | 366.00 | 465.00 | OK |
Version: 1.0.7
Check: CRAN incoming feasibility
Result: NOTE
Maintainer: ‘Robert Calin-Jageman <rcalinjageman@dom.edu>’
The BugReports field in DESCRIPTION has
https://github.com/rcalinjageman/esci/issues/
which should likely be
https://github.com/rcalinjageman/esci/issues/issues
instead.
Flavor: r-devel-linux-x86_64-debian-gcc