Last updated on 2025-11-16 06:49:36 CET.
| Flavor | Version | Tinstall | Tcheck | Ttotal | Status | Flags |
|---|---|---|---|---|---|---|
| r-devel-linux-x86_64-debian-clang | 1.2.2 | 18.35 | 81.81 | 100.16 | NOTE | |
| r-devel-linux-x86_64-debian-gcc | 1.2.2 | 12.01 | 63.74 | 75.75 | NOTE | |
| r-devel-linux-x86_64-fedora-clang | 1.2.2 | 55.00 | 129.37 | 184.37 | OK | |
| r-devel-linux-x86_64-fedora-gcc | 1.2.2 | 45.00 | 131.18 | 176.18 | OK | |
| r-devel-windows-x86_64 | 1.2.2 | 29.00 | 244.00 | 273.00 | OK | |
| r-patched-linux-x86_64 | 1.2.2 | 18.90 | 83.72 | 102.62 | OK | |
| r-release-linux-x86_64 | 1.2.2 | 17.10 | 84.53 | 101.63 | OK | |
| r-release-macos-arm64 | 1.2.2 | 7.00 | 43.00 | 50.00 | OK | |
| r-release-macos-x86_64 | 1.2.2 | 9.00 | 113.00 | 122.00 | OK | |
| r-release-windows-x86_64 | 1.2.2 | 23.00 | 238.00 | 261.00 | OK | |
| r-oldrel-macos-arm64 | 1.2.2 | 7.00 | 35.00 | 42.00 | NOTE | |
| r-oldrel-macos-x86_64 | 1.2.2 | 10.00 | 54.00 | 64.00 | NOTE | |
| r-oldrel-windows-x86_64 | 1.2.2 | 24.00 | 202.00 | 226.00 | NOTE |
Version: 1.2.2
Check: CRAN incoming feasibility
Result: NOTE
Maintainer: ‘Housen Li <housen.li@outlook.com>’
The Description field contains
<arXiv:1612.07216>.
Please refer to arXiv e-prints via their arXiv DOI <doi:10.48550/arXiv.YYMM.NNNNN>.
Flavors: r-devel-linux-x86_64-debian-clang, r-devel-linux-x86_64-debian-gcc
Version: 1.2.2
Check: LazyData
Result: NOTE
'LazyData' is specified without a 'data' directory
Flavors: r-oldrel-macos-arm64, r-oldrel-macos-x86_64, r-oldrel-windows-x86_64