Last updated on 2025-04-29 13:51:23 CEST.
Flavor | Version | Tinstall | Tcheck | Ttotal | Status | Flags |
---|---|---|---|---|---|---|
r-devel-linux-x86_64-debian-clang | 1.0.4 | 6.93 | 86.29 | 93.22 | NOTE | |
r-devel-linux-x86_64-debian-gcc | 1.0.4 | 4.02 | 58.71 | 62.73 | OK | |
r-devel-linux-x86_64-fedora-clang | 1.0.4 | 127.74 | OK | |||
r-devel-linux-x86_64-fedora-gcc | 1.0.4 | 133.64 | OK | |||
r-devel-windows-x86_64 | 1.0.4 | 8.00 | 90.00 | 98.00 | OK | |
r-patched-linux-x86_64 | 1.0.4 | 4.87 | 77.28 | 82.15 | OK | |
r-release-linux-x86_64 | 1.0.4 | 6.82 | 78.23 | 85.05 | OK | |
r-release-macos-arm64 | 1.0.4 | 45.00 | OK | |||
r-release-macos-x86_64 | 1.0.4 | 75.00 | OK | |||
r-release-windows-x86_64 | 1.0.4 | 9.00 | 91.00 | 100.00 | OK | |
r-oldrel-macos-arm64 | 1.0.4 | 50.00 | OK | |||
r-oldrel-macos-x86_64 | 1.0.4 | 81.00 | OK | |||
r-oldrel-windows-x86_64 | 1.0.4 | 11.00 | 113.00 | 124.00 | OK |
Version: 1.0.4
Check: examples
Result: NOTE
Examples with CPU (user + system) or elapsed time > 5s
user system elapsed
dot_plot 3.609 0.154 5.139
Flavor: r-devel-linux-x86_64-debian-clang