Last updated on 2025-11-16 00:48:31 CET.
| Flavor | Version | Tinstall | Tcheck | Ttotal | Status | Flags |
|---|---|---|---|---|---|---|
| r-devel-linux-x86_64-debian-clang | 7.0.4 | 90.51 | 87.89 | 178.40 | NOTE | |
| r-devel-linux-x86_64-debian-gcc | 7.0.4 | 48.37 | 67.41 | 115.78 | OK | |
| r-devel-linux-x86_64-fedora-clang | 7.0.4 | 175.00 | 178.97 | 353.97 | OK | |
| r-devel-linux-x86_64-fedora-gcc | 7.0.4 | 397.00 | -70.45 | 326.55 | OK | |
| r-devel-windows-x86_64 | 7.0.4 | 114.00 | 123.00 | 237.00 | NOTE | |
| r-patched-linux-x86_64 | 7.0.4 | 84.01 | 86.66 | 170.67 | OK | |
| r-release-linux-x86_64 | 7.0.4 | 85.44 | 84.95 | 170.39 | OK | |
| r-release-macos-arm64 | 7.0.4 | 29.00 | 48.00 | 77.00 | OK | |
| r-release-macos-x86_64 | 7.0.4 | 32.00 | 128.00 | 160.00 | OK | |
| r-release-windows-x86_64 | 7.0.4 | 105.00 | 121.00 | 226.00 | OK | |
| r-oldrel-macos-arm64 | 7.0.4 | 28.00 | 54.00 | 82.00 | NOTE | |
| r-oldrel-macos-x86_64 | 7.0.4 | 38.00 | 111.00 | 149.00 | NOTE | |
| r-oldrel-windows-x86_64 | 7.0.4 | 129.00 | 145.00 | 274.00 | OK |
Version: 7.0.4
Check: Rd files
Result: NOTE
checkRd: (-1) plot.euler.Rd:115-128: Only 10 columns allowed in this table (row 1 has 8)
checkRd: (-1) plot.euler.Rd:115-128: Only 10 columns allowed in this table (row 2 has 8)
checkRd: (-1) plot.euler.Rd:115-128: Only 10 columns allowed in this table (row 3 has 8)
checkRd: (-1) plot.euler.Rd:115-128: Only 10 columns allowed in this table (row 4 has 8)
checkRd: (-1) plot.euler.Rd:115-128: Only 10 columns allowed in this table (row 5 has 8)
checkRd: (-1) plot.euler.Rd:115-128: Only 10 columns allowed in this table (row 6 has 8)
checkRd: (-1) plot.euler.Rd:115-128: Only 10 columns allowed in this table (row 7 has 8)
checkRd: (-1) plot.euler.Rd:115-128: Only 10 columns allowed in this table (row 8 has 8)
checkRd: (-1) plot.euler.Rd:115-128: Only 10 columns allowed in this table (row 9 has 8)
checkRd: (-1) plot.euler.Rd:115-128: Only 10 columns allowed in this table (row 10 has 8)
checkRd: (-1) plot.euler.Rd:115-128: Only 10 columns allowed in this table (row 11 has 8)
checkRd: (-1) plot.euler.Rd:115-128: Only 10 columns allowed in this table (row 12 has 8)
Flavors: r-devel-linux-x86_64-debian-clang, r-devel-windows-x86_64
Version: 7.0.4
Check: installed package size
Result: NOTE
installed size is 5.7Mb
sub-directories of 1Mb or more:
doc 1.3Mb
libs 3.6Mb
Flavors: r-oldrel-macos-arm64, r-oldrel-macos-x86_64