Last updated on 2024-07-13 11:49:12 CEST.
Flavor | Version | Tinstall | Tcheck | Ttotal | Status | Flags |
---|---|---|---|---|---|---|
r-devel-linux-x86_64-debian-clang | 0.3 | 3.70 | 37.03 | 40.73 | NOTE | |
r-devel-linux-x86_64-debian-gcc | 0.3 | 3.56 | 28.49 | 32.05 | NOTE | |
r-devel-linux-x86_64-fedora-clang | 0.3 | 43.09 | NOTE | |||
r-devel-linux-x86_64-fedora-gcc | 0.3 | 49.97 | NOTE | |||
r-devel-windows-x86_64 | 0.3 | 5.00 | 48.00 | 53.00 | NOTE | |
r-patched-linux-x86_64 | 0.3 | 9.03 | 36.63 | 45.66 | NOTE | |
r-release-linux-x86_64 | 0.3 | 3.92 | 35.98 | 39.90 | NOTE | |
r-release-macos-arm64 | 0.3 | 19.00 | NOTE | |||
r-release-macos-x86_64 | 0.3 | 28.00 | NOTE | |||
r-release-windows-x86_64 | 0.3 | 6.00 | 48.00 | 54.00 | NOTE | |
r-oldrel-macos-arm64 | 0.3 | 22.00 | NOTE | |||
r-oldrel-macos-x86_64 | 0.3 | 27.00 | NOTE | |||
r-oldrel-windows-x86_64 | 0.3 | 7.00 | 52.00 | 59.00 | NOTE |
Version: 0.3
Check: Rd files
Result: NOTE
checkRd: (-1) exams2sakai.Rd:152: Escaped LaTeX specials: \&
Flavors: r-devel-linux-x86_64-debian-clang, r-devel-linux-x86_64-debian-gcc, r-devel-linux-x86_64-fedora-clang, r-devel-linux-x86_64-fedora-gcc, r-devel-windows-x86_64, r-patched-linux-x86_64, r-release-linux-x86_64, r-release-macos-arm64, r-release-macos-x86_64, r-release-windows-x86_64, r-oldrel-macos-arm64, r-oldrel-macos-x86_64, r-oldrel-windows-x86_64
Version: 0.3
Check: Rd cross-references
Result: NOTE
Undeclared package ‘tth’ in Rd xrefs
Flavor: r-devel-linux-x86_64-fedora-clang
Version: 0.3
Check: Rd cross-references
Result: NOTE
Found the following Rd file(s) with Rd \link{} targets missing package
anchors:
exams2sakai.Rd: xexams, exams_eval, exams2html
Please provide package anchors for all Rd \link{} targets not in the
package itself and the base packages.
Flavor: r-devel-windows-x86_64