CRAN Package Check Results for Package excel2eprime

Last updated on 2025-10-02 04:50:55 CEST.

Flavor Version Tinstall Tcheck Ttotal Status Flags
r-devel-linux-x86_64-debian-clang 0.4.0 4.73 39.55 44.28 NOTE
r-devel-linux-x86_64-debian-gcc 0.4.0 2.75 28.60 31.35 NOTE
r-devel-linux-x86_64-fedora-clang 0.4.0 65.01 OK
r-devel-linux-x86_64-fedora-gcc 0.4.0 58.91 OK
r-devel-windows-x86_64 0.4.0 7.00 53.00 60.00 OK
r-patched-linux-x86_64 0.4.0 4.26 35.29 39.55 OK
r-release-linux-x86_64 0.4.0 4.63 35.52 40.15 OK
r-release-macos-arm64 0.4.0 21.00 OK
r-release-macos-x86_64 0.4.0 40.00 OK
r-release-windows-x86_64 0.4.0 6.00 60.00 66.00 OK
r-oldrel-macos-arm64 0.4.0 23.00 OK
r-oldrel-macos-x86_64 0.4.0 32.00 OK
r-oldrel-windows-x86_64 0.4.0 10.00 63.00 73.00 OK

Check Details

Version: 0.4.0
Check: CRAN incoming feasibility
Result: NOTE Maintainer: ‘Jack Will <wujackwill@outlook.com>’ No Authors@R field in DESCRIPTION. Please add one, modifying Authors@R: person(given = "Jack", family = "Will", role = c("aut", "cre"), email = "wujackwill@outlook.com") as necessary. Flavors: r-devel-linux-x86_64-debian-clang, r-devel-linux-x86_64-debian-gcc