Last updated on 2025-11-16 12:49:30 CET.
| Flavor | Version | Tinstall | Tcheck | Ttotal | Status | Flags |
|---|---|---|---|---|---|---|
| r-devel-linux-x86_64-debian-clang | 0.5.2 | 3.51 | 53.85 | 57.36 | OK | --no-tests |
| r-devel-linux-x86_64-debian-gcc | 0.5.2 | 2.81 | 42.87 | 45.68 | NOTE | --no-tests |
| r-devel-linux-x86_64-fedora-clang | 0.5.2 | 192.45 | OK | |||
| r-devel-linux-x86_64-fedora-gcc | 0.5.2 | 199.85 | OK | |||
| r-devel-windows-x86_64 | 0.5.2 | 7.00 | 152.00 | 159.00 | OK | |
| r-patched-linux-x86_64 | 0.5.2 | 5.04 | 50.48 | 55.52 | OK | --no-tests |
| r-release-linux-x86_64 | 0.5.2 | 3.04 | 50.44 | 53.48 | OK | --no-tests |
| r-release-macos-arm64 | 0.5.2 | 2.00 | 74.00 | 76.00 | OK | |
| r-release-macos-x86_64 | 0.5.2 | 3.00 | 140.00 | 143.00 | OK | |
| r-release-windows-x86_64 | 0.5.2 | 6.00 | 152.00 | 158.00 | OK | |
| r-oldrel-macos-arm64 | 0.5.2 | 2.00 | 78.00 | 80.00 | OK | |
| r-oldrel-macos-x86_64 | 0.5.2 | 4.00 | 132.00 | 136.00 | OK | |
| r-oldrel-windows-x86_64 | 0.5.2 | 8.00 | 190.00 | 198.00 | OK |
Version: 0.5.2
Flags: --no-tests
Check: CRAN incoming feasibility
Result: NOTE
Maintainer: ‘Jeffrey R. Stevens <jeffrey.r.stevens@protonmail.com>’
The BugReports field in DESCRIPTION has
https://github.com/ropensci/excluder/issues/
which should likely be
https://github.com/ropensci/excluder/issues/issues
instead.
Flavor: r-devel-linux-x86_64-debian-gcc