CRAN Package Check Results for Package experiences

Last updated on 2025-11-16 06:49:36 CET.

Flavor Version Tinstall Tcheck Ttotal Status Flags
r-devel-linux-x86_64-debian-clang 0.1.1 4.69 43.46 48.15 NOTE
r-devel-linux-x86_64-debian-gcc 0.1.1 3.82 32.46 36.28 NOTE
r-devel-linux-x86_64-fedora-clang 0.1.1 24.00 60.11 84.11 NOTE
r-devel-linux-x86_64-fedora-gcc 0.1.1 67.91 NOTE
r-devel-windows-x86_64 0.1.1 11.00 56.00 67.00 NOTE
r-patched-linux-x86_64 0.1.1 5.07 39.96 45.03 NOTE
r-release-linux-x86_64 0.1.1 4.69 39.55 44.24 NOTE
r-release-macos-arm64 0.1.1 3.00 21.00 24.00 NOTE
r-release-macos-x86_64 0.1.1 4.00 35.00 39.00 NOTE
r-release-windows-x86_64 0.1.1 7.00 55.00 62.00 NOTE
r-oldrel-macos-arm64 0.1.1 2.00 18.00 20.00 OK
r-oldrel-macos-x86_64 0.1.1 3.00 29.00 32.00 OK
r-oldrel-windows-x86_64 0.1.1 9.00 65.00 74.00 OK

Check Details

Version: 0.1.1
Check: DESCRIPTION meta-information
Result: NOTE Missing dependency on R >= 4.1.0 because package code uses the pipe |> or function shorthand \(...) syntax added in R 4.1.0. File(s) using such syntax: ‘compare_benchmark_event.R’ ‘compare_benchmark_time.R’ Flavors: r-devel-linux-x86_64-debian-clang, r-devel-linux-x86_64-debian-gcc, r-devel-linux-x86_64-fedora-clang, r-devel-linux-x86_64-fedora-gcc, r-devel-windows-x86_64, r-patched-linux-x86_64, r-release-linux-x86_64, r-release-macos-arm64, r-release-macos-x86_64, r-release-windows-x86_64