Last updated on 2025-05-17 07:50:18 CEST.
Flavor | Version | Tinstall | Tcheck | Ttotal | Status | Flags |
---|---|---|---|---|---|---|
r-devel-linux-x86_64-debian-clang | 2.2 | 14.91 | 96.62 | 111.53 | OK | |
r-devel-linux-x86_64-debian-gcc | 2.2 | 9.27 | 65.92 | 75.19 | OK | |
r-devel-linux-x86_64-fedora-clang | 2.2-1 | 180.76 | OK | |||
r-devel-linux-x86_64-fedora-gcc | 2.2 | 172.54 | OK | |||
r-devel-windows-x86_64 | 2.2 | 15.00 | 116.00 | 131.00 | OK | |
r-patched-linux-x86_64 | 2.2 | 13.41 | 93.21 | 106.62 | OK | |
r-release-linux-x86_64 | 2.2 | 13.32 | 92.69 | 106.01 | OK | |
r-release-macos-arm64 | 2.2-1 | 44.00 | OK | |||
r-release-macos-x86_64 | 2.2 | 106.00 | OK | |||
r-release-windows-x86_64 | 2.2-1 | 19.00 | 128.00 | 147.00 | OK | |
r-oldrel-macos-arm64 | 2.2-1 | 46.00 | OK | |||
r-oldrel-macos-x86_64 | 2.2-1 | 107.00 | ERROR | |||
r-oldrel-windows-x86_64 | 2.2 | 22.00 | 138.00 | 160.00 | OK |
Version: 2.2-1
Check: whether package can be installed
Result: ERROR
Installation failed.
Flavor: r-oldrel-macos-x86_64