Last updated on 2025-04-29 13:51:23 CEST.
Flavor | Version | Tinstall | Tcheck | Ttotal | Status | Flags |
---|---|---|---|---|---|---|
r-devel-linux-x86_64-debian-clang | 0.3 | 2.19 | 29.63 | 31.82 | NOTE | |
r-devel-linux-x86_64-debian-gcc | 0.3 | 2.11 | 21.59 | 23.70 | NOTE | |
r-devel-linux-x86_64-fedora-clang | 0.3 | 50.92 | OK | |||
r-devel-linux-x86_64-fedora-gcc | 0.3 | 50.23 | OK | |||
r-devel-windows-x86_64 | 0.3 | 4.00 | 51.00 | 55.00 | OK | |
r-patched-linux-x86_64 | 0.3 | 2.50 | 28.31 | 30.81 | OK | |
r-release-linux-x86_64 | 0.3 | 2.97 | 28.61 | 31.58 | OK | |
r-release-macos-arm64 | 0.3 | 20.00 | OK | |||
r-release-macos-x86_64 | 0.3 | 31.00 | OK | |||
r-release-windows-x86_64 | 0.3 | 4.00 | 54.00 | 58.00 | OK | |
r-oldrel-macos-arm64 | 0.3 | 17.00 | OK | |||
r-oldrel-macos-x86_64 | 0.3 | 28.00 | OK | |||
r-oldrel-windows-x86_64 | 0.3 | 4.00 | 50.00 | 54.00 | OK |
Version: 0.3
Check: CRAN incoming feasibility
Result: NOTE
Maintainer: ‘B N Mandal <mandal.stat@gmail.com>’
No Authors@R field in DESCRIPTION.
Please add one, modifying
Authors@R: c(person(given = c("B", "N"),
family = "Mandal",
role = c("aut", "cre"),
email = "mandal.stat@gmail.com"),
person(given = "Jun",
family = "Ma",
role = "aut",
email = "jun.ma@mq.edu.au"))
as necessary.
Flavors: r-devel-linux-x86_64-debian-clang, r-devel-linux-x86_64-debian-gcc