Last updated on 2024-07-13 05:49:13 CEST.
Flavor | Version | Tinstall | Tcheck | Ttotal | Status | Flags |
---|---|---|---|---|---|---|
r-devel-linux-x86_64-debian-clang | 0.0.4 | 3.96 | 57.02 | 60.98 | NOTE | |
r-devel-linux-x86_64-debian-gcc | 0.0.4 | 5.08 | 41.77 | 46.85 | NOTE | |
r-devel-linux-x86_64-fedora-clang | 0.0.4 | 78.51 | NOTE | |||
r-devel-linux-x86_64-fedora-gcc | 0.0.4 | 75.60 | NOTE | |||
r-devel-windows-x86_64 | 0.0.4 | 7.00 | 66.00 | 73.00 | NOTE | |
r-patched-linux-x86_64 | 0.0.4 | 5.81 | 53.65 | 59.46 | NOTE | |
r-release-linux-x86_64 | 0.0.4 | 3.65 | 53.65 | 57.30 | NOTE | |
r-release-macos-arm64 | 0.0.4 | 27.00 | NOTE | |||
r-release-macos-x86_64 | 0.0.4 | 45.00 | NOTE | |||
r-release-windows-x86_64 | 0.0.4 | 7.00 | 68.00 | 75.00 | NOTE | |
r-oldrel-macos-arm64 | 0.0.4 | 29.00 | NOTE | |||
r-oldrel-macos-x86_64 | 0.0.4 | 38.00 | NOTE | |||
r-oldrel-windows-x86_64 | 0.0.4 | 8.00 | 74.00 | 82.00 | NOTE |
Version: 0.0.4
Check: Rd files
Result: NOTE
checkRd: (-1) codePasses.Rd:64: Escaped LaTeX specials: \#
Flavors: r-devel-linux-x86_64-debian-clang, r-devel-linux-x86_64-debian-gcc, r-devel-linux-x86_64-fedora-clang, r-devel-linux-x86_64-fedora-gcc, r-devel-windows-x86_64, r-patched-linux-x86_64, r-release-linux-x86_64, r-release-macos-arm64, r-release-macos-x86_64, r-release-windows-x86_64, r-oldrel-macos-arm64, r-oldrel-macos-x86_64, r-oldrel-windows-x86_64