Last updated on 2024-06-27 16:49:04 CEST.
Flavor | Version | Tinstall | Tcheck | Ttotal | Status | Flags |
---|---|---|---|---|---|---|
r-devel-linux-x86_64-debian-clang | 1.0.1 | NOTE | ||||
r-devel-linux-x86_64-debian-gcc | 1.0.1 | 5.11 | 47.40 | 52.51 | NOTE | |
r-devel-linux-x86_64-fedora-clang | 1.0.1 | 89.52 | NOTE | |||
r-devel-linux-x86_64-fedora-gcc | 1.0.1 | 82.42 | NOTE | |||
r-devel-windows-x86_64 | 1.0.1 | 6.00 | 71.00 | 77.00 | NOTE | |
r-patched-linux-x86_64 | 1.0.1 | 5.23 | 61.00 | 66.23 | NOTE | |
r-release-linux-x86_64 | 1.0.1 | 4.72 | 61.93 | 66.65 | NOTE | |
r-release-macos-arm64 | 1.0.1 | 27.00 | NOTE | |||
r-release-macos-x86_64 | 1.0.1 | 41.00 | NOTE | |||
r-release-windows-x86_64 | 1.0.1 | 7.00 | 66.00 | 73.00 | NOTE | |
r-oldrel-macos-arm64 | 1.0.1 | 28.00 | NOTE | |||
r-oldrel-macos-x86_64 | 1.0.1 | 43.00 | NOTE | |||
r-oldrel-windows-x86_64 | 1.0.1 | 9.00 | 73.00 | 82.00 | NOTE |
Version: 1.0.1
Check: LazyData
Result: NOTE
'LazyData' is specified without a 'data' directory
Flavors: r-devel-linux-x86_64-debian-clang, r-devel-linux-x86_64-debian-gcc, r-devel-linux-x86_64-fedora-clang, r-devel-linux-x86_64-fedora-gcc, r-devel-windows-x86_64, r-patched-linux-x86_64, r-release-linux-x86_64, r-release-macos-arm64, r-release-macos-x86_64, r-release-windows-x86_64, r-oldrel-macos-arm64, r-oldrel-macos-x86_64, r-oldrel-windows-x86_64