Last updated on 2025-04-30 01:50:19 CEST.
Flavor | Version | Tinstall | Tcheck | Ttotal | Status | Flags |
---|---|---|---|---|---|---|
r-devel-linux-x86_64-debian-clang | 2.0.0 | 42.91 | 226.13 | 269.04 | NOTE | |
r-devel-linux-x86_64-debian-gcc | 2.0.0 | 30.68 | 164.06 | 194.74 | OK | |
r-devel-linux-x86_64-fedora-clang | 2.0.0 | 441.44 | OK | |||
r-devel-linux-x86_64-fedora-gcc | 2.0.0 | 420.44 | OK | |||
r-devel-windows-x86_64 | 2.0.0 | 50.00 | 481.00 | 531.00 | OK | |
r-patched-linux-x86_64 | 2.0.0 | 40.72 | 218.32 | 259.04 | OK | |
r-release-linux-x86_64 | 2.0.0 | 36.14 | 217.76 | 253.90 | OK | |
r-release-macos-arm64 | 2.0.0 | 350.00 | OK | |||
r-release-macos-x86_64 | 2.0.0 | 340.00 | OK | |||
r-release-windows-x86_64 | 2.0.0 | 50.00 | 438.00 | 488.00 | OK | |
r-oldrel-macos-arm64 | 2.0.0 | 246.00 | OK | |||
r-oldrel-macos-x86_64 | 2.0.0 | 329.00 | OK | |||
r-oldrel-windows-x86_64 | 2.0.0 | 59.00 | 592.00 | 651.00 | OK |
Version: 2.0.0
Check: examples
Result: NOTE
Examples with CPU (user + system) or elapsed time > 5s
user system elapsed
summary.dfts 4.226 0.1 5.299
Flavor: r-devel-linux-x86_64-debian-clang