Last updated on 2025-07-18 19:50:15 CEST.
Flavor | Version | Tinstall | Tcheck | Ttotal | Status | Flags |
---|---|---|---|---|---|---|
r-devel-linux-x86_64-debian-clang | 4022.85 | 16.64 | 176.56 | 193.20 | NOTE | |
r-devel-linux-x86_64-debian-gcc | 4022.85 | 10.03 | 111.58 | 121.61 | NOTE | |
r-devel-linux-x86_64-fedora-clang | 4022.85 | 324.37 | OK | |||
r-devel-linux-x86_64-fedora-gcc | 4022.85 | 307.47 | OK | |||
r-devel-windows-x86_64 | 4022.85 | 17.00 | 190.00 | 207.00 | OK | |
r-patched-linux-x86_64 | 4022.85 | 18.14 | 171.32 | 189.46 | OK | |
r-release-linux-x86_64 | 4022.85 | 14.26 | 170.55 | 184.81 | OK | |
r-release-macos-arm64 | 4022.85 | 89.00 | OK | |||
r-release-macos-x86_64 | 4022.85 | 215.00 | OK | |||
r-release-windows-x86_64 | 4022.85 | 19.00 | 191.00 | 210.00 | OK | |
r-oldrel-macos-arm64 | 4022.85 | 73.00 | OK | |||
r-oldrel-macos-x86_64 | 4022.85 | 144.00 | OK | |||
r-oldrel-windows-x86_64 | 4022.85 | 24.00 | 242.00 | 266.00 | OK |
Version: 4022.85
Check: CRAN incoming feasibility
Result: NOTE
Maintainer: ‘Paul Smith <paul@waternumbers.co.uk>’
No Authors@R field in DESCRIPTION.
Please add one, modifying
Authors@R: c(person(given = "Diethelm",
family = "Wuertz",
role = "aut"),
person(given = "Tobias",
family = "Setz",
role = "aut"),
person(given = "Yohan",
family = "Chalabi",
role = "ctb"),
person(given = "Paul",
family = "Smith",
role = "cre",
email = "paul@waternumbers.co.uk"))
as necessary.
Flavors: r-devel-linux-x86_64-debian-clang, r-devel-linux-x86_64-debian-gcc