Last updated on 2024-06-27 16:49:04 CEST.
Flavor | Version | Tinstall | Tcheck | Ttotal | Status | Flags |
---|---|---|---|---|---|---|
r-devel-linux-x86_64-debian-clang | 1.0 | OK | ||||
r-devel-linux-x86_64-debian-gcc | 1.0 | 6.90 | 50.76 | 57.66 | OK | |
r-devel-linux-x86_64-fedora-clang | 1.0 | 98.13 | NOTE | |||
r-devel-linux-x86_64-fedora-gcc | 1.0 | 89.50 | OK | |||
r-devel-windows-x86_64 | 1.0 | 9.00 | 76.00 | 85.00 | OK | |
r-patched-linux-x86_64 | 1.0 | 7.47 | 64.39 | 71.86 | OK | |
r-release-linux-x86_64 | 1.0 | 5.72 | 64.88 | 70.60 | OK | |
r-release-macos-arm64 | 1.0 | 28.00 | OK | |||
r-release-macos-x86_64 | 1.0 | 44.00 | OK | |||
r-release-windows-x86_64 | 1.0 | 8.00 | 78.00 | 86.00 | OK | |
r-oldrel-macos-arm64 | 1.0 | 31.00 | OK | |||
r-oldrel-macos-x86_64 | 1.0 | 53.00 | OK | |||
r-oldrel-windows-x86_64 | 1.0 | 11.00 | 88.00 | 99.00 | OK |
Version: 1.0
Check: Rd cross-references
Result: NOTE
Undeclared package ‘pyinit’ in Rd xrefs
Flavor: r-devel-linux-x86_64-fedora-clang