Last updated on 2024-06-27 16:49:04 CEST.
Flavor | Version | Tinstall | Tcheck | Ttotal | Status | Flags |
---|---|---|---|---|---|---|
r-devel-linux-x86_64-debian-clang | 0.9-1 | OK | ||||
r-devel-linux-x86_64-debian-gcc | 0.9-1 | 57.64 | 68.64 | 126.28 | OK | |
r-devel-linux-x86_64-fedora-clang | 0.9-1 | 230.04 | OK | |||
r-devel-linux-x86_64-fedora-gcc | 0.9-1 | 248.93 | OK | |||
r-devel-windows-x86_64 | 0.9-1 | 60.00 | 106.00 | 166.00 | OK | |
r-patched-linux-x86_64 | 0.9-1 | 70.16 | 85.73 | 155.89 | OK | |
r-release-linux-x86_64 | 0.9-1 | 66.95 | 89.45 | 156.40 | OK | |
r-release-macos-arm64 | 0.9-1 | 62.00 | NOTE | |||
r-release-macos-x86_64 | 0.9-1 | 81.00 | WARN | |||
r-release-windows-x86_64 | 0.9-1 | 64.00 | 107.00 | 171.00 | OK | |
r-oldrel-macos-arm64 | 0.9-1 | 68.00 | NOTE | |||
r-oldrel-macos-x86_64 | 0.9-1 | 192.00 | NOTE | |||
r-oldrel-windows-x86_64 | 0.9-1 | 75.00 | 126.00 | 201.00 | OK |
Version: 0.9-1
Check: installed package size
Result: NOTE
installed size is 11.8Mb
sub-directories of 1Mb or more:
libs 11.5Mb
Flavors: r-release-macos-arm64, r-release-macos-x86_64, r-oldrel-macos-arm64, r-oldrel-macos-x86_64
Version: 0.9-1
Check: re-building of vignette outputs
Result: WARN
Error(s) in re-building vignettes:
...
--- re-building ‘fad-vignette.Rnw’ using knitr
Error: processing vignette 'fad-vignette.Rnw' failed with diagnostics:
Running 'texi2dvi' on 'fad-vignette.tex' failed.
LaTeX errors:
! Undefined control sequence.
l.108 \hlkwd{library}\hldef
{(fad)}
?
! Emergency stop.
! Emergency stop.
l.108
End of file on the terminal!
! ==> Fatal error occurred, no output PDF file produced!
--- failed re-building ‘fad-vignette.Rnw’
SUMMARY: processing the following file failed:
‘fad-vignette.Rnw’
Error: Vignette re-building failed.
Execution halted
Flavor: r-release-macos-x86_64