Last updated on 2025-04-29 13:51:23 CEST.
Flavor | Version | Tinstall | Tcheck | Ttotal | Status | Flags |
---|---|---|---|---|---|---|
r-devel-linux-x86_64-debian-clang | 0.1.0 | 1.90 | 20.39 | 22.29 | NOTE | |
r-devel-linux-x86_64-debian-gcc | 0.1.0 | 1.44 | 15.96 | 17.40 | NOTE | |
r-devel-linux-x86_64-fedora-clang | 0.1.0 | 34.23 | OK | |||
r-devel-linux-x86_64-fedora-gcc | 0.1.0 | 32.42 | OK | |||
r-devel-windows-x86_64 | 0.1.0 | 2.00 | 49.00 | 51.00 | OK | |
r-patched-linux-x86_64 | 0.1.0 | 1.71 | 19.48 | 21.19 | OK | |
r-release-linux-x86_64 | 0.1.0 | 1.78 | 19.18 | 20.96 | OK | |
r-release-macos-arm64 | 0.1.0 | 16.00 | OK | |||
r-release-macos-x86_64 | 0.1.0 | 24.00 | OK | |||
r-release-windows-x86_64 | 0.1.0 | 3.00 | 56.00 | 59.00 | OK | |
r-oldrel-macos-arm64 | 0.1.0 | 15.00 | OK | |||
r-oldrel-macos-x86_64 | 0.1.0 | 21.00 | OK | |||
r-oldrel-windows-x86_64 | 0.1.0 | 3.00 | 41.00 | 44.00 | OK |
Version: 0.1.0
Check: CRAN incoming feasibility
Result: NOTE
Maintainer: ‘Alfi Nurrahmah <221810140@stis.ac.id>’
No Authors@R field in DESCRIPTION.
Please add one, modifying
Authors@R: person(given = "Alfi",
family = "Nurrahmah",
role = c("aut", "cre"),
email = "221810140@stis.ac.id")
as necessary.
Flavors: r-devel-linux-x86_64-debian-clang, r-devel-linux-x86_64-debian-gcc