Last updated on 2025-04-29 13:51:23 CEST.
Flavor | Version | Tinstall | Tcheck | Ttotal | Status | Flags |
---|---|---|---|---|---|---|
r-devel-linux-x86_64-debian-clang | 0.2 | 3.27 | 22.51 | 25.78 | NOTE | |
r-devel-linux-x86_64-debian-gcc | 0.2 | 2.39 | 17.77 | 20.16 | NOTE | |
r-devel-linux-x86_64-fedora-clang | 0.2 | 40.41 | NOTE | |||
r-devel-linux-x86_64-fedora-gcc | 0.2 | 38.04 | NOTE | |||
r-devel-windows-x86_64 | 0.2 | 5.00 | 49.00 | 54.00 | OK | |
r-patched-linux-x86_64 | 0.2 | 3.24 | 21.55 | 24.79 | OK | |
r-release-linux-x86_64 | 0.2 | 3.02 | 21.90 | 24.92 | OK | |
r-release-macos-arm64 | 0.2 | 17.00 | OK | |||
r-release-macos-x86_64 | 0.2 | 27.00 | OK | |||
r-release-windows-x86_64 | 0.2 | 5.00 | 54.00 | 59.00 | OK | |
r-oldrel-macos-arm64 | 0.2 | 17.00 | OK | |||
r-oldrel-macos-x86_64 | 0.2 | 23.00 | OK | |||
r-oldrel-windows-x86_64 | 0.2 | 5.00 | 40.00 | 45.00 | OK |
Version: 0.2
Check: CRAN incoming feasibility
Result: NOTE
Maintainer: ‘Hao Chen <hxchen@ucdavis.edu>’
No Authors@R field in DESCRIPTION.
Please add one, modifying
Authors@R: c(person(given = "Hao",
family = "Chen",
role = c("aut", "cre"),
email = "hxchen@ucdavis.edu"),
person(given = c("Nancy", "R."),
family = "Zhang",
role = "aut"))
as necessary.
Flavors: r-devel-linux-x86_64-debian-clang, r-devel-linux-x86_64-debian-gcc
Version: 0.2
Check: compiled code
Result: NOTE
File ‘falcon/libs/falcon.so’:
Found no calls to: ‘R_registerRoutines’, ‘R_useDynamicSymbols’
It is good practice to register native routines and to disable symbol
search.
See ‘Writing portable packages’ in the ‘Writing R Extensions’ manual.
Flavors: r-devel-linux-x86_64-fedora-clang, r-devel-linux-x86_64-fedora-gcc