Last updated on 2024-06-27 16:49:04 CEST.
Flavor | Version | Tinstall | Tcheck | Ttotal | Status | Flags |
---|---|---|---|---|---|---|
r-devel-linux-x86_64-debian-clang | 1.1.1 | OK | ||||
r-devel-linux-x86_64-debian-gcc | 1.1.1 | 4.65 | 35.19 | 39.84 | OK | |
r-devel-linux-x86_64-fedora-clang | 1.1.1 | 66.05 | NOTE | |||
r-devel-linux-x86_64-fedora-gcc | 1.1.1 | 63.95 | OK | |||
r-devel-windows-x86_64 | 1.1.1 | 10.00 | 55.00 | 65.00 | OK | |
r-patched-linux-x86_64 | 1.1.1 | 5.26 | 44.55 | 49.81 | OK | |
r-release-linux-x86_64 | 1.1.1 | 4.25 | 43.92 | 48.17 | OK | |
r-release-macos-arm64 | 1.1.1 | 26.00 | OK | |||
r-release-macos-x86_64 | 1.1.1 | 35.00 | OK | |||
r-release-windows-x86_64 | 1.1.1 | 11.00 | 55.00 | 66.00 | OK | |
r-oldrel-macos-arm64 | 1.1.1 | 28.00 | OK | |||
r-oldrel-macos-x86_64 | 1.1.1 | 38.00 | OK | |||
r-oldrel-windows-x86_64 | 1.1.1 | 13.00 | 64.00 | 77.00 | OK |
Version: 1.1.1
Check: Rd cross-references
Result: NOTE
Undeclared package ‘RWeka’ in Rd xrefs
Flavor: r-devel-linux-x86_64-fedora-clang