Last updated on 2025-05-17 07:50:18 CEST.
Flavor | Version | Tinstall | Tcheck | Ttotal | Status | Flags |
---|---|---|---|---|---|---|
r-devel-linux-x86_64-debian-clang | 2.2.2 | 20.72 | 164.91 | 185.63 | OK | |
r-devel-linux-x86_64-debian-gcc | 2.2.2 | 15.73 | 101.76 | 117.49 | OK | |
r-devel-linux-x86_64-fedora-clang | 2.2.2 | 280.87 | OK | |||
r-devel-linux-x86_64-fedora-gcc | 2.2.2 | 288.56 | OK | |||
r-devel-windows-x86_64 | 2.2.2 | 27.00 | 224.00 | 251.00 | OK | |
r-patched-linux-x86_64 | 2.2.2 | 22.58 | 152.80 | 175.38 | OK | |
r-release-linux-x86_64 | 2.2.2 | 22.77 | 152.22 | 174.99 | OK | |
r-release-macos-arm64 | 2.2.2 | 91.00 | OK | |||
r-release-macos-x86_64 | 2.2.2 | 208.00 | OK | |||
r-release-windows-x86_64 | 2.2.2 | 29.00 | 220.00 | 249.00 | OK | |
r-oldrel-macos-arm64 | 2.2.2 | 57.00 | NOTE | |||
r-oldrel-macos-x86_64 | 2.2.2 | 104.00 | NOTE | |||
r-oldrel-windows-x86_64 | 2.2.2 | 25.00 | 297.00 | 322.00 | NOTE |
Version: 2.2.2
Check: for GNU extensions in Makefiles
Result: NOTE
GNU make is a SystemRequirements.
Flavors: r-oldrel-macos-arm64, r-oldrel-macos-x86_64, r-oldrel-windows-x86_64