CRAN Package Check Results for Package fasta

Last updated on 2025-04-29 13:51:23 CEST.

Flavor Version Tinstall Tcheck Ttotal Status Flags
r-devel-linux-x86_64-debian-clang 0.1.0 1.70 16.42 18.12 NOTE
r-devel-linux-x86_64-debian-gcc 0.1.0 1.29 13.55 14.84 NOTE
r-devel-linux-x86_64-fedora-clang 0.1.0 28.33 OK
r-devel-linux-x86_64-fedora-gcc 0.1.0 27.04 OK
r-devel-windows-x86_64 0.1.0 3.00 40.00 43.00 OK
r-patched-linux-x86_64 0.1.0 1.67 15.89 17.56 OK
r-release-linux-x86_64 0.1.0 1.70 15.93 17.63 OK
r-release-macos-arm64 0.1.0 15.00 OK
r-release-macos-x86_64 0.1.0 24.00 OK
r-release-windows-x86_64 0.1.0 2.00 39.00 41.00 OK
r-oldrel-macos-arm64 0.1.0 14.00 NOTE
r-oldrel-macos-x86_64 0.1.0 19.00 NOTE
r-oldrel-windows-x86_64 0.1.0 3.00 33.00 36.00 NOTE

Check Details

Version: 0.1.0
Check: CRAN incoming feasibility
Result: NOTE Maintainer: ‘Eric C. Chi <ecchi1105@gmail.com>’ Package CITATION file contains call(s) to old-style citEntry(). Please use bibentry() instead. The Description field contains Studer, and Baraniuk (2016) <arXiv:1411.3406>. Schemes such as Fast Please refer to arXiv e-prints via their arXiv DOI <doi:10.48550/arXiv.YYMM.NNNNN>. Flavors: r-devel-linux-x86_64-debian-clang, r-devel-linux-x86_64-debian-gcc

Version: 0.1.0
Check: LazyData
Result: NOTE 'LazyData' is specified without a 'data' directory Flavors: r-oldrel-macos-arm64, r-oldrel-macos-x86_64, r-oldrel-windows-x86_64