Last updated on 2024-06-27 16:49:04 CEST.
Flavor | Version | Tinstall | Tcheck | Ttotal | Status | Flags |
---|---|---|---|---|---|---|
r-devel-linux-x86_64-debian-clang | 1.2.0 | OK | ||||
r-devel-linux-x86_64-debian-gcc | 1.2.0 | 4.43 | 28.39 | 32.82 | OK | |
r-devel-linux-x86_64-fedora-clang | 1.2.0 | 60.18 | NOTE | |||
r-devel-linux-x86_64-fedora-gcc | 1.2.0 | 57.12 | OK | |||
r-devel-windows-x86_64 | 1.2.0 | 9.00 | 56.00 | 65.00 | OK | |
r-patched-linux-x86_64 | 1.2.0 | 6.08 | 37.10 | 43.18 | OK | |
r-release-linux-x86_64 | 1.2.0 | 5.46 | 38.35 | 43.81 | OK | |
r-release-macos-arm64 | 1.2.0 | 38.00 | OK | |||
r-release-macos-x86_64 | 1.2.0 | 33.00 | OK | |||
r-release-windows-x86_64 | 1.2.0 | 11.00 | 57.00 | 68.00 | OK | |
r-oldrel-macos-arm64 | 1.2.0 | 35.00 | OK | |||
r-oldrel-macos-x86_64 | 1.2.0 | 86.00 | OK | |||
r-oldrel-windows-x86_64 | 1.2.0 | 10.00 | 61.00 | 71.00 | OK |
Version: 1.2.0
Check: compiled code
Result: NOTE
File ‘fastmap/libs/fastmap.so’:
Found non-API call to R: ‘Rf_StringBlank’
Compiled code should not call non-API entry points in R.
See ‘Writing portable packages’ in the ‘Writing R Extensions’ manual.
Flavor: r-devel-linux-x86_64-fedora-clang