Last updated on 2025-11-16 12:49:30 CET.
| Flavor | Version | Tinstall | Tcheck | Ttotal | Status | Flags |
|---|---|---|---|---|---|---|
| r-devel-linux-x86_64-debian-clang | 0.5.2 | 57.75 | 48.07 | 105.82 | NOTE | |
| r-devel-linux-x86_64-debian-gcc | 0.5.2 | 36.65 | 36.33 | 72.98 | NOTE | |
| r-devel-linux-x86_64-fedora-clang | 0.5.2 | 144.00 | 27.53 | 171.53 | NOTE | |
| r-devel-linux-x86_64-fedora-gcc | 0.5.2 | 124.00 | 60.30 | 184.30 | NOTE | |
| r-devel-windows-x86_64 | 0.5.2 | 56.00 | 62.00 | 118.00 | NOTE | |
| r-patched-linux-x86_64 | 0.5.2 | 50.48 | 44.63 | 95.11 | NOTE | |
| r-release-linux-x86_64 | 0.5.2 | 52.77 | 44.80 | 97.57 | NOTE | |
| r-release-macos-arm64 | 0.5.2 | 19.00 | 32.00 | 51.00 | NOTE | |
| r-release-macos-x86_64 | 0.5.2 | 49.00 | 73.00 | 122.00 | NOTE | |
| r-release-windows-x86_64 | 0.5.2 | 50.00 | 61.00 | 111.00 | NOTE | |
| r-oldrel-macos-arm64 | 0.5.2 | 18.00 | 33.00 | 51.00 | NOTE | |
| r-oldrel-macos-x86_64 | 0.5.2 | 33.00 | 43.00 | 76.00 | NOTE | |
| r-oldrel-windows-x86_64 | 0.5.2 | 57.00 | 71.00 | 128.00 | NOTE |
Version: 0.5.2
Check: Rd files
Result: NOTE
checkRd: (-1) Error-Classes.Rd:107-119: Lost braces
107 | \item \code{do_verbose(response, template)} {
| ^
checkRd: (-1) Error.Rd:33-45: Lost braces
33 | \item \code{do(response, mssg)} {
| ^
Flavors: r-devel-linux-x86_64-debian-clang, r-devel-linux-x86_64-debian-gcc, r-devel-linux-x86_64-fedora-clang, r-devel-linux-x86_64-fedora-gcc, r-devel-windows-x86_64, r-patched-linux-x86_64, r-release-linux-x86_64, r-release-macos-arm64, r-release-macos-x86_64, r-release-windows-x86_64, r-oldrel-macos-arm64, r-oldrel-macos-x86_64, r-oldrel-windows-x86_64