Last updated on 2025-04-29 13:51:23 CEST.
Flavor | Version | Tinstall | Tcheck | Ttotal | Status | Flags |
---|---|---|---|---|---|---|
r-devel-linux-x86_64-debian-clang | 1.0.0 | 1.39 | 16.31 | 17.70 | NOTE | |
r-devel-linux-x86_64-debian-gcc | 1.0.0 | 1.24 | 13.20 | 14.44 | NOTE | |
r-devel-linux-x86_64-fedora-clang | 1.0.0 | 28.99 | OK | |||
r-devel-linux-x86_64-fedora-gcc | 1.0.0 | 26.38 | OK | |||
r-devel-windows-x86_64 | 1.0.0 | 3.00 | 35.00 | 38.00 | OK | |
r-patched-linux-x86_64 | 1.0.0 | 1.33 | 15.66 | 16.99 | OK | |
r-release-linux-x86_64 | 1.0.0 | 1.33 | 15.39 | 16.72 | OK | |
r-release-macos-arm64 | 1.0.0 | 14.00 | OK | |||
r-release-macos-x86_64 | 1.0.0 | 23.00 | OK | |||
r-release-windows-x86_64 | 1.0.0 | 2.00 | 42.00 | 44.00 | OK | |
r-oldrel-macos-arm64 | 1.0.0 | 13.00 | OK | |||
r-oldrel-macos-x86_64 | 1.0.0 | 24.00 | OK | |||
r-oldrel-windows-x86_64 | 1.0.0 | 2.00 | 35.00 | 37.00 | OK |
Version: 1.0.0
Check: CRAN incoming feasibility
Result: NOTE
Maintainer: ‘Oliver Keyes <ironholds@gmail.com>’
No Authors@R field in DESCRIPTION.
Please add one, modifying
Authors@R: c(person(given = "Oliver",
family = "Keyes",
role = c("aut", "cre"),
email = "ironholds@gmail.com"),
person(given = "Alex",
family = "Bellos",
role = "cph"))
as necessary.
Found the following (possibly) invalid file URI:
URI: CONDUCT.md
From: README.md
The Description field contains
(http://pages.bloomsbury.com/favouritenumber).
Please enclose URLs in angle brackets (<...>).
Flavors: r-devel-linux-x86_64-debian-clang, r-devel-linux-x86_64-debian-gcc