CRAN Package Check Results for Package fca

Last updated on 2025-11-16 06:49:36 CET.

Flavor Version Tinstall Tcheck Ttotal Status Flags
r-devel-linux-x86_64-debian-clang 0.1.0 1.68 25.06 26.74 OK
r-devel-linux-x86_64-debian-gcc 0.1.0 1.32 21.21 22.53 NOTE
r-devel-linux-x86_64-fedora-clang 0.1.0 39.57 OK
r-devel-linux-x86_64-fedora-gcc 0.1.0 51.13 OK
r-devel-windows-x86_64 0.1.0 6.00 43.00 49.00 OK
r-patched-linux-x86_64 0.1.0 1.68 22.57 24.25 OK
r-release-linux-x86_64 0.1.0 1.67 22.66 24.33 OK
r-release-macos-arm64 0.1.0 1.00 21.00 22.00 OK
r-release-macos-x86_64 0.1.0 2.00 49.00 51.00 OK
r-release-windows-x86_64 0.1.0 4.00 42.00 46.00 OK
r-oldrel-macos-arm64 0.1.0 1.00 20.00 21.00 OK
r-oldrel-macos-x86_64 0.1.0 2.00 43.00 45.00 OK
r-oldrel-windows-x86_64 0.1.0 4.00 49.00 53.00 OK

Check Details

Version: 0.1.0
Check: CRAN incoming feasibility
Result: NOTE Maintainer: ‘Etienne Grueebler <package@etienne.app>’ The BugReports field in DESCRIPTION has https://github.com/egrueebler/fca/issues/ which should likely be https://github.com/egrueebler/fca/issues/issues instead. Flavor: r-devel-linux-x86_64-debian-gcc