Last updated on 2025-04-29 13:51:23 CEST.
Flavor | Version | Tinstall | Tcheck | Ttotal | Status | Flags |
---|---|---|---|---|---|---|
r-devel-linux-x86_64-debian-clang | 1.6.1 | 4.33 | 48.81 | 53.14 | NOTE | |
r-devel-linux-x86_64-debian-gcc | 1.6.1 | 3.13 | 37.03 | 40.16 | NOTE | |
r-devel-linux-x86_64-fedora-clang | 1.6.1 | 79.96 | NOTE | |||
r-devel-linux-x86_64-fedora-gcc | 1.6.1 | 78.56 | NOTE | |||
r-devel-windows-x86_64 | 1.6.1 | 7.00 | 74.00 | 81.00 | OK | |
r-patched-linux-x86_64 | 1.6.1 | 5.15 | 48.96 | 54.11 | NOTE | |
r-release-linux-x86_64 | 1.6.1 | 3.85 | 48.65 | 52.50 | NOTE | |
r-release-macos-arm64 | 1.6.1 | 29.00 | OK | |||
r-release-macos-x86_64 | 1.6.1 | 67.00 | OK | |||
r-release-windows-x86_64 | 1.6.1 | 8.00 | 80.00 | 88.00 | OK | |
r-oldrel-macos-arm64 | 1.6.1 | 27.00 | OK | |||
r-oldrel-macos-x86_64 | 1.6.1 | 46.00 | OK | |||
r-oldrel-windows-x86_64 | 1.6.1 | 7.00 | 71.00 | 78.00 | OK |
Version: 1.6.1
Check: CRAN incoming feasibility
Result: NOTE
Maintainer: ‘Doulaye Dembele <doulaye@igbmc.fr>’
No Authors@R field in DESCRIPTION.
Please add one, modifying
Authors@R: person(given = "Doulaye",
family = "Dembele",
role = c("aut", "cre"),
email = "doulaye@igbmc.fr")
as necessary.
Flavors: r-devel-linux-x86_64-debian-clang, r-devel-linux-x86_64-debian-gcc
Version: 1.6.1
Check: for non-standard things in the check directory
Result: NOTE
Found the following files/directories:
‘test2delete.txt’ ‘test2delete2_values.txt’ ‘test2delete_values.txt’
Flavors: r-devel-linux-x86_64-debian-clang, r-devel-linux-x86_64-debian-gcc, r-devel-linux-x86_64-fedora-clang, r-devel-linux-x86_64-fedora-gcc, r-patched-linux-x86_64, r-release-linux-x86_64