Last updated on 2024-06-27 16:49:04 CEST.
Flavor | Version | Tinstall | Tcheck | Ttotal | Status | Flags |
---|---|---|---|---|---|---|
r-devel-linux-x86_64-debian-clang | 6.1.8 | OK | ||||
r-devel-linux-x86_64-debian-gcc | 6.1.8 | 23.41 | 198.11 | 221.52 | OK | |
r-devel-linux-x86_64-fedora-clang | 6.1.8 | 401.22 | NOTE | |||
r-devel-linux-x86_64-fedora-gcc | 6.1.8 | 390.74 | OK | |||
r-devel-windows-x86_64 | 6.1.8 | 30.00 | 240.00 | 270.00 | OK | |
r-patched-linux-x86_64 | 6.1.8 | 26.36 | 259.49 | 285.85 | OK | |
r-release-linux-x86_64 | 6.1.8 | 23.27 | 264.86 | 288.13 | OK | |
r-release-macos-arm64 | 6.1.8 | 100.00 | NOTE | |||
r-release-macos-x86_64 | 6.1.8 | 159.00 | NOTE | |||
r-release-windows-x86_64 | 6.1.8 | 30.00 | 243.00 | 273.00 | NOTE | |
r-oldrel-macos-arm64 | 6.1.8 | 86.00 | OK | |||
r-oldrel-macos-x86_64 | 6.1.8 | 221.00 | NOTE | |||
r-oldrel-windows-x86_64 | 6.1.8 | 41.00 | 302.00 | 343.00 | OK |
Version: 6.1.8
Check: installed package size
Result: NOTE
installed size is 5.1Mb
sub-directories of 1Mb or more:
doc 2.7Mb
Flavors: r-devel-linux-x86_64-fedora-clang, r-release-macos-arm64, r-release-macos-x86_64, r-release-windows-x86_64, r-oldrel-macos-x86_64