Last updated on 2025-11-16 18:49:30 CET.
| Flavor | Version | Tinstall | Tcheck | Ttotal | Status | Flags |
|---|---|---|---|---|---|---|
| r-devel-linux-x86_64-debian-clang | 2.2.0 | 46.51 | 229.50 | 276.01 | NOTE | |
| r-devel-linux-x86_64-debian-gcc | 2.2.0 | 25.79 | 154.86 | 180.65 | OK | |
| r-devel-linux-x86_64-fedora-clang | 2.2.0 | 99.00 | 349.46 | 448.46 | OK | |
| r-devel-linux-x86_64-fedora-gcc | 2.2.0 | 204.00 | 245.66 | 449.66 | OK | |
| r-devel-windows-x86_64 | 2.2.0 | 55.00 | 224.00 | 279.00 | NOTE | |
| r-patched-linux-x86_64 | 2.2.0 | 46.09 | 216.70 | 262.79 | OK | |
| r-release-linux-x86_64 | 2.2.0 | 42.53 | 214.49 | 257.02 | OK | |
| r-release-macos-arm64 | 2.2.0 | 18.00 | 82.00 | 100.00 | OK | |
| r-release-macos-x86_64 | 2.2.0 | 38.00 | 163.00 | 201.00 | OK | |
| r-release-windows-x86_64 | 2.2.0 | 50.00 | 225.00 | 275.00 | OK | |
| r-oldrel-macos-arm64 | 2.2.0 | 20.00 | 72.00 | 92.00 | OK | |
| r-oldrel-macos-x86_64 | 2.2.0 | 35.00 | 98.00 | 133.00 | OK | |
| r-oldrel-windows-x86_64 | 2.2.0 | 62.00 | 282.00 | 344.00 | OK |
Version: 2.2.0
Check: Rd files
Result: NOTE
checkRd: (-1) fda.usc-package.Rd:132-134: Only 2 columns allowed in this table (row 7 has 1)
Flavors: r-devel-linux-x86_64-debian-clang, r-devel-windows-x86_64