Last updated on 2025-10-26 05:49:57 CET.
| Flavor | Version | Tinstall | Tcheck | Ttotal | Status | Flags |
|---|---|---|---|---|---|---|
| r-devel-linux-x86_64-debian-clang | 1.1-21 | 1099.45 | 157.49 | 1256.94 | OK | |
| r-devel-linux-x86_64-debian-gcc | 1.1-21 | 983.61 | 192.09 | 1175.70 | OK | |
| r-devel-linux-x86_64-fedora-clang | 1.1-21 | 1140.00 | 739.69 | 1879.69 | OK | |
| r-devel-linux-x86_64-fedora-gcc | 1.1-21 | 1020.00 | 1634.50 | 2654.50 | OK | |
| r-devel-windows-x86_64 | 1.1-21 | 1105.00 | 304.00 | 1409.00 | OK | |
| r-patched-linux-x86_64 | 1.1-21 | 1311.98 | 263.88 | 1575.86 | OK | |
| r-release-linux-x86_64 | 1.1-21 | 1307.75 | 263.98 | 1571.73 | OK | |
| r-release-macos-arm64 | 1.1-21 | 720.00 | 140.00 | 860.00 | OK | |
| r-release-macos-x86_64 | 1.1-21 | 394.00 | 124.00 | 518.00 | OK | |
| r-release-windows-x86_64 | 1.1-21 | 1150.00 | 299.00 | 1449.00 | OK | |
| r-oldrel-macos-arm64 | 1.1-21 | 485.00 | 54.00 | 539.00 | NOTE | |
| r-oldrel-macos-x86_64 | 1.1-21 | 389.00 | 128.00 | 517.00 | NOTE | |
| r-oldrel-windows-x86_64 | 1.1-21 | 1282.00 | 360.00 | 1642.00 | NOTE |
Version: 1.1-21
Check: installed package size
Result: NOTE
installed size is 12.1Mb
sub-directories of 1Mb or more:
libs 11.0Mb
Flavors: r-oldrel-macos-arm64, r-oldrel-macos-x86_64, r-oldrel-windows-x86_64
Version: 1.1-21
Check: for GNU extensions in Makefiles
Result: NOTE
GNU make is a SystemRequirements.
Flavors: r-oldrel-macos-arm64, r-oldrel-macos-x86_64, r-oldrel-windows-x86_64