Last updated on 2024-07-13 05:49:13 CEST.
Flavor | Version | Tinstall | Tcheck | Ttotal | Status | Flags |
---|---|---|---|---|---|---|
r-devel-linux-x86_64-debian-clang | 0.1.1 | 92.31 | 112.11 | 204.42 | OK | |
r-devel-linux-x86_64-debian-gcc | 0.1.1 | 66.14 | 85.38 | 151.52 | OK | |
r-devel-linux-x86_64-fedora-clang | 0.1.1 | 269.97 | OK | |||
r-devel-linux-x86_64-fedora-gcc | 0.1.1 | 268.11 | OK | |||
r-devel-windows-x86_64 | 0.1.1 | 63.00 | 110.00 | 173.00 | OK | |
r-patched-linux-x86_64 | 0.1.1 | 51.41 | 107.27 | 158.68 | OK | |
r-release-linux-x86_64 | 0.1.1 | 59.57 | 107.04 | 166.61 | OK | |
r-release-macos-arm64 | 0.1.1 | 63.00 | NOTE | |||
r-release-macos-x86_64 | 0.1.1 | 88.00 | NOTE | |||
r-release-windows-x86_64 | 0.1.1 | 64.00 | 109.00 | 173.00 | OK | |
r-oldrel-macos-arm64 | 0.1.1 | 71.00 | NOTE | |||
r-oldrel-macos-x86_64 | 0.1.1 | 140.00 | NOTE | |||
r-oldrel-windows-x86_64 | 0.1.1 | 88.00 | 135.00 | 223.00 | OK |
Version: 0.1.1
Check: installed package size
Result: NOTE
installed size is 17.0Mb
sub-directories of 1Mb or more:
libs 16.9Mb
Flavors: r-release-macos-arm64, r-release-macos-x86_64, r-oldrel-macos-arm64, r-oldrel-macos-x86_64