Last updated on 2025-11-16 18:49:30 CET.
| Flavor | Version | Tinstall | Tcheck | Ttotal | Status | Flags |
|---|---|---|---|---|---|---|
| r-devel-linux-x86_64-debian-clang | 1.0-2 | 123.18 | 165.12 | 288.30 | OK | |
| r-devel-linux-x86_64-debian-gcc | 1.0-2 | 74.36 | 119.97 | 194.33 | OK | |
| r-devel-linux-x86_64-fedora-clang | 1.0-2 | 561.00 | 25.50 | 586.50 | OK | |
| r-devel-linux-x86_64-fedora-gcc | 1.0-2 | 242.00 | 237.13 | 479.13 | OK | |
| r-devel-windows-x86_64 | 1.0-2 | 151.00 | 190.00 | 341.00 | OK | |
| r-patched-linux-x86_64 | 1.0-2 | 113.50 | 166.47 | 279.97 | OK | |
| r-release-linux-x86_64 | 1.0-2 | 114.68 | 164.25 | 278.93 | OK | |
| r-release-macos-arm64 | 1.0-2 | 41.00 | 69.00 | 110.00 | OK | |
| r-release-macos-x86_64 | 1.0-2 | 43.00 | 145.00 | 188.00 | OK | |
| r-release-windows-x86_64 | 1.0-2 | 140.00 | 197.00 | 337.00 | OK | |
| r-oldrel-macos-arm64 | 1.0-2 | 61.00 | 85.00 | 146.00 | NOTE | |
| r-oldrel-macos-x86_64 | 1.0-2 | 50.00 | 232.00 | 282.00 | NOTE | |
| r-oldrel-windows-x86_64 | 1.0-2 | 168.00 | 240.00 | 408.00 | OK |
Version: 1.0-2
Check: installed package size
Result: NOTE
installed size is 12.0Mb
sub-directories of 1Mb or more:
doc 1.6Mb
libs 9.5Mb
Flavors: r-oldrel-macos-arm64, r-oldrel-macos-x86_64