Last updated on 2025-11-16 12:49:30 CET.
| Flavor | Version | Tinstall | Tcheck | Ttotal | Status | Flags |
|---|---|---|---|---|---|---|
| r-devel-linux-x86_64-debian-clang | 1.8 | 15.62 | 69.53 | 85.15 | NOTE | |
| r-devel-linux-x86_64-debian-gcc | 1.8 | 12.21 | 53.43 | 65.64 | NOTE | |
| r-devel-linux-x86_64-fedora-clang | 1.8 | 77.00 | 61.33 | 138.33 | OK | |
| r-devel-linux-x86_64-fedora-gcc | 1.8 | 29.00 | 96.29 | 125.29 | OK | |
| r-devel-windows-x86_64 | 1.8 | 23.00 | 80.00 | 103.00 | OK | |
| r-patched-linux-x86_64 | 1.8 | 15.57 | 67.00 | 82.57 | OK | |
| r-release-linux-x86_64 | 1.8 | 15.63 | 66.94 | 82.57 | OK | |
| r-release-macos-arm64 | 1.8 | 10.00 | 35.00 | 45.00 | OK | |
| r-release-macos-x86_64 | 1.8 | 20.00 | 68.00 | 88.00 | OK | |
| r-release-windows-x86_64 | 1.8 | 21.00 | 79.00 | 100.00 | OK | |
| r-oldrel-macos-arm64 | 1.8 | 10.00 | 35.00 | 45.00 | OK | |
| r-oldrel-macos-x86_64 | 1.8 | 13.00 | 51.00 | 64.00 | OK | |
| r-oldrel-windows-x86_64 | 1.8 | 26.00 | 102.00 | 128.00 | OK |
Version: 1.8
Check: CRAN incoming feasibility
Result: NOTE
Maintainer: ‘Han Lin Shang <hanlin.shang@anu.edu.au>’
No Authors@R field in DESCRIPTION.
Please add one, modifying
Authors@R: c(person(given = c("Han", "Lin"),
family = "Shang",
role = c("aut", "cre"),
email = "hanlin.shang@anu.edu.au"),
person(given = c("Rob", "J"),
family = "Hyndman",
role = "aut"))
as necessary.
Flavors: r-devel-linux-x86_64-debian-clang, r-devel-linux-x86_64-debian-gcc