Last updated on 2024-06-27 10:49:31 CEST.
Flavor | Version | Tinstall | Tcheck | Ttotal | Status | Flags |
---|---|---|---|---|---|---|
r-devel-linux-x86_64-debian-clang | 1.1.14 | NOTE | ||||
r-devel-linux-x86_64-debian-gcc | 1.1.14 | 4.77 | 83.91 | 88.68 | NOTE | |
r-devel-linux-x86_64-fedora-clang | 1.1.14 | 159.63 | NOTE | |||
r-devel-linux-x86_64-fedora-gcc | 1.1.14 | 141.13 | NOTE | |||
r-devel-windows-x86_64 | 1.1.14 | 7.00 | 105.00 | 112.00 | NOTE | |
r-patched-linux-x86_64 | 1.1.14 | 12.24 | 107.54 | 119.78 | NOTE | |
r-release-linux-x86_64 | 1.1.14 | 4.22 | 111.33 | 115.55 | NOTE | |
r-release-macos-arm64 | 1.1.14 | 46.00 | NOTE | |||
r-release-macos-x86_64 | 1.1.14 | 62.00 | NOTE | |||
r-release-windows-x86_64 | 1.1.14 | 7.00 | 106.00 | 113.00 | NOTE | |
r-oldrel-macos-arm64 | 1.1.14 | 44.00 | NOTE | |||
r-oldrel-macos-x86_64 | 1.1.14 | 71.00 | NOTE | |||
r-oldrel-windows-x86_64 | 1.1.14 | 9.00 | 125.00 | 134.00 | NOTE |
Version: 1.1.14
Check: LazyData
Result: NOTE
'LazyData' is specified without a 'data' directory
Flavors: r-devel-linux-x86_64-debian-clang, r-devel-linux-x86_64-debian-gcc, r-devel-linux-x86_64-fedora-clang, r-devel-linux-x86_64-fedora-gcc, r-devel-windows-x86_64, r-patched-linux-x86_64, r-release-linux-x86_64, r-release-macos-arm64, r-release-macos-x86_64, r-release-windows-x86_64, r-oldrel-macos-arm64, r-oldrel-macos-x86_64, r-oldrel-windows-x86_64