Last updated on 2024-06-27 16:49:04 CEST.
Flavor | Version | Tinstall | Tcheck | Ttotal | Status | Flags |
---|---|---|---|---|---|---|
r-devel-linux-x86_64-debian-clang | 15.2 | NOTE | ||||
r-devel-linux-x86_64-debian-gcc | 15.2 | 17.91 | 193.49 | 211.40 | NOTE | |
r-devel-linux-x86_64-fedora-clang | 15.2 | 377.20 | NOTE | |||
r-devel-linux-x86_64-fedora-gcc | 15.2 | 339.61 | NOTE | |||
r-devel-windows-x86_64 | 15.2 | 24.00 | 231.00 | 255.00 | NOTE | |
r-patched-linux-x86_64 | 15.2 | 26.65 | 253.84 | 280.49 | NOTE | |
r-release-linux-x86_64 | 15.2 | 23.61 | 250.70 | 274.31 | NOTE | |
r-release-macos-arm64 | 15.2 | 101.00 | NOTE | |||
r-release-macos-x86_64 | 15.2 | 145.00 | NOTE | |||
r-release-windows-x86_64 | 15.2 | 23.00 | 234.00 | 257.00 | NOTE | |
r-oldrel-macos-arm64 | 15.2 | 99.00 | OK | |||
r-oldrel-macos-x86_64 | 15.2 | 219.00 | OK | |||
r-oldrel-windows-x86_64 | 15.2 | 31.00 | 285.00 | 316.00 | OK |
Version: 15.2
Check: Rd files
Result: NOTE
checkRd: (-1) FORTRAN.internal.Rd:50: Lost braces
50 | \item{evlpoly}{evaluates a univariate polynomial. See code{fields.evlpoly}}
| ^
checkRd: (-1) FORTRAN.internal.Rd:51: Lost braces
51 | \item{evlpoly2}{ evaluates a multivariate polynomial. See code{fields.evlpoly2}}
| ^
checkRd: (-1) registeredC.Rd:77: Lost braces
77 | \item{addToDiagC}{ adds diagonal elements to a matrix. See code{mKrig}.}
| ^
checkRd: (-1) sim.Krig.Rd:200-221: Lost braces
200 | \code{simLocal.spatialProcess}{This function is
| ^
checkRd: (-1) tim.colors.Rd:96: Lost braces
96 | \item{\dots}{Additional plotting arguments to code{image.plot}}
| ^
Flavors: r-devel-linux-x86_64-debian-clang, r-devel-linux-x86_64-debian-gcc, r-devel-linux-x86_64-fedora-clang, r-devel-linux-x86_64-fedora-gcc, r-devel-windows-x86_64, r-patched-linux-x86_64, r-release-linux-x86_64, r-release-macos-arm64, r-release-macos-x86_64, r-release-windows-x86_64