Last updated on 2025-11-16 18:49:30 CET.
| Flavor | Version | Tinstall | Tcheck | Ttotal | Status | Flags |
|---|---|---|---|---|---|---|
| r-devel-linux-x86_64-debian-clang | 1.0.0 | 1.67 | 22.25 | 23.92 | OK | |
| r-devel-linux-x86_64-debian-gcc | 1.0.0 | 1.35 | 19.05 | 20.40 | OK | |
| r-devel-linux-x86_64-fedora-clang | 1.0.0 | 35.21 | OK | |||
| r-devel-linux-x86_64-fedora-gcc | 1.0.0 | 32.51 | OK | |||
| r-devel-windows-x86_64 | 1.0.0 | 3.00 | 41.00 | 44.00 | OK | |
| r-patched-linux-x86_64 | 1.0.0 | 1.90 | 20.04 | 21.94 | OK | |
| r-release-linux-x86_64 | 1.0.0 | 1.70 | 20.35 | 22.05 | OK | |
| r-release-macos-arm64 | 1.0.0 | 1.00 | 15.00 | 16.00 | OK | |
| r-release-macos-x86_64 | 1.0.0 | 2.00 | 23.00 | 25.00 | OK | |
| r-release-windows-x86_64 | 1.0.0 | 5.00 | 40.00 | 45.00 | OK | |
| r-oldrel-macos-arm64 | 1.0.0 | 1.00 | 15.00 | 16.00 | NOTE | |
| r-oldrel-macos-x86_64 | 1.0.0 | 2.00 | 22.00 | 24.00 | NOTE | |
| r-oldrel-windows-x86_64 | 1.0.0 | 3.00 | 46.00 | 49.00 | NOTE |
Version: 1.0.0
Check: LazyData
Result: NOTE
'LazyData' is specified without a 'data' directory
Flavors: r-oldrel-macos-arm64, r-oldrel-macos-x86_64, r-oldrel-windows-x86_64