Last updated on 2025-05-18 14:49:14 CEST.
Flavor | Version | Tinstall | Tcheck | Ttotal | Status | Flags |
---|---|---|---|---|---|---|
r-devel-linux-x86_64-debian-clang | 0.2.0 | 1.66 | 20.82 | 22.48 | NOTE | |
r-devel-linux-x86_64-debian-gcc | 0.2.0 | 1.33 | 17.53 | 18.86 | NOTE | |
r-devel-linux-x86_64-fedora-clang | 0.2.0 | 33.76 | NOTE | |||
r-devel-linux-x86_64-fedora-gcc | 0.2.0 | 32.57 | NOTE | |||
r-devel-windows-x86_64 | 0.2.0 | 2.00 | 43.00 | 45.00 | NOTE | |
r-patched-linux-x86_64 | 0.2.0 | 1.53 | 19.19 | 20.72 | NOTE | |
r-release-linux-x86_64 | 0.2.0 | 1.65 | 18.79 | 20.44 | NOTE | |
r-release-macos-arm64 | 0.2.0 | 17.00 | NOTE | |||
r-release-macos-x86_64 | 0.2.0 | 25.00 | NOTE | |||
r-release-windows-x86_64 | 0.2.0 | 2.00 | 46.00 | 48.00 | NOTE | |
r-oldrel-macos-arm64 | 0.2.0 | 19.00 | OK | |||
r-oldrel-macos-x86_64 | 0.2.0 | 33.00 | OK | |||
r-oldrel-windows-x86_64 | 0.2.0 | 2.00 | 43.00 | 45.00 | OK |
Version: 0.2.0
Check: DESCRIPTION meta-information
Result: NOTE
Missing dependency on R >= 4.1.0 because package code uses the pipe
|> or function shorthand \(...) syntax added in R 4.1.0.
File(s) using such syntax:
‘projection.R’
Flavors: r-devel-linux-x86_64-debian-clang, r-devel-linux-x86_64-debian-gcc, r-devel-linux-x86_64-fedora-clang, r-devel-linux-x86_64-fedora-gcc, r-devel-windows-x86_64, r-patched-linux-x86_64, r-release-linux-x86_64, r-release-macos-arm64, r-release-macos-x86_64, r-release-windows-x86_64