Last updated on 2025-04-29 13:51:23 CEST.
Flavor | Version | Tinstall | Tcheck | Ttotal | Status | Flags |
---|---|---|---|---|---|---|
r-devel-linux-x86_64-debian-clang | 0.1.0 | 21.07 | 45.65 | 66.72 | NOTE | |
r-devel-linux-x86_64-debian-gcc | 0.1.0 | 14.67 | 32.58 | 47.25 | OK | |
r-devel-linux-x86_64-fedora-clang | 0.1.0 | 114.38 | OK | |||
r-devel-linux-x86_64-fedora-gcc | 0.1.0 | 105.91 | OK | |||
r-devel-windows-x86_64 | 0.1.0 | 27.00 | 88.00 | 115.00 | OK | |
r-patched-linux-x86_64 | 0.1.0 | 18.96 | 43.18 | 62.14 | OK | |
r-release-linux-x86_64 | 0.1.0 | 20.53 | 42.71 | 63.24 | OK | |
r-release-macos-arm64 | 0.1.0 | 40.00 | OK | |||
r-release-macos-x86_64 | 0.1.0 | 67.00 | OK | |||
r-release-windows-x86_64 | 0.1.0 | 27.00 | 90.00 | 117.00 | OK | |
r-oldrel-macos-arm64 | 0.1.0 | 33.00 | OK | |||
r-oldrel-macos-x86_64 | 0.1.0 | 78.00 | OK | |||
r-oldrel-windows-x86_64 | 0.1.0 | 29.00 | 107.00 | 136.00 | OK |
Version: 0.1.0
Check: examples
Result: NOTE
Examples with CPU (user + system) or elapsed time > 5s
user system elapsed
getPValue 8.106 0.151 11.215
Flavor: r-devel-linux-x86_64-debian-clang