Last updated on 2025-10-02 10:49:18 CEST.
Flavor | Version | Tinstall | Tcheck | Ttotal | Status | Flags |
---|---|---|---|---|---|---|
r-devel-linux-x86_64-debian-clang | 0.0-1 | 28.96 | 85.04 | 114.00 | WARN | |
r-devel-linux-x86_64-debian-gcc | 0.0-1 | 18.11 | 61.59 | 79.70 | WARN | |
r-devel-linux-x86_64-fedora-clang | 0.0-1 | 180.62 | NOTE | |||
r-devel-linux-x86_64-fedora-gcc | 0.0-1 | 170.81 | NOTE | |||
r-devel-windows-x86_64 | 0.0-1 | 34.00 | 102.00 | 136.00 | NOTE | |
r-patched-linux-x86_64 | 0.0-1 | 28.06 | 80.95 | 109.01 | NOTE | |
r-release-linux-x86_64 | 0.0-1 | 27.87 | 80.81 | 108.68 | NOTE | |
r-release-macos-arm64 | 0.0-1 | 52.00 | NOTE | |||
r-release-macos-x86_64 | 0.0-1 | 96.00 | NOTE | |||
r-release-windows-x86_64 | 0.0-1 | 34.00 | 102.00 | 136.00 | NOTE | |
r-oldrel-macos-arm64 | 0.0-1 | 46.00 | NOTE | |||
r-oldrel-macos-x86_64 | 0.0-1 | 69.00 | NOTE | |||
r-oldrel-windows-x86_64 | 0.0-1 | 41.00 | 144.00 | 185.00 | NOTE |
Version: 0.0-1
Check: CRAN incoming feasibility
Result: NOTE
Maintainer: ‘Yan Li <yan.4.li@uconn.edu>’
The Description field contains
<arXiv:2003.04787>.
Please refer to arXiv e-prints via their arXiv DOI <doi:10.48550/arXiv.YYMM.NNNNN>.
Flavors: r-devel-linux-x86_64-debian-clang, r-devel-linux-x86_64-debian-gcc
Version: 0.0-1
Check: whether package can be installed
Result: WARN
Found the following significant warnings:
/home/hornik/tmp/R.check/r-devel-clang/Work/build/Packages/RcppArmadillo/include/RcppArmadillo/version/arma.h:66:17: warning: Using fallback compilation with Armadillo 14.6.3. Please consider defining -DARMA_USE_CURRENT and also removing C++11 compilation directive. See GitHub issue #475 for more. [-W#pragma-messages]
See ‘/home/hornik/tmp/R.check/r-devel-clang/Work/PKGS/fmerPack.Rcheck/00install.out’ for details.
* used C++ compiler: ‘Debian clang version 19.1.7 (3+b2)’
Flavor: r-devel-linux-x86_64-debian-clang
Version: 0.0-1
Check: C++ specification
Result: NOTE
Specified C++11: please drop specification unless essential
Flavors: r-devel-linux-x86_64-debian-clang, r-devel-linux-x86_64-debian-gcc, r-devel-linux-x86_64-fedora-clang, r-devel-linux-x86_64-fedora-gcc, r-devel-windows-x86_64, r-patched-linux-x86_64, r-release-linux-x86_64, r-release-macos-arm64, r-release-macos-x86_64, r-release-windows-x86_64, r-oldrel-macos-arm64, r-oldrel-macos-x86_64, r-oldrel-windows-x86_64
Version: 0.0-1
Check: whether package can be installed
Result: WARN
Found the following significant warnings:
/home/hornik/tmp/R.check/r-devel-gcc/Work/build/Packages/RcppArmadillo/include/RcppArmadillo/version/arma.h:66:199: note: ‘#pragma message: Using fallback compilation with Armadillo 14.6.3. Please consider defining -DARMA_USE_CURRENT and also removing C++11 compilation directive. See GitHub issue #475 for more.’
See ‘/home/hornik/tmp/R.check/r-devel-gcc/Work/PKGS/fmerPack.Rcheck/00install.out’ for details.
* used C++ compiler: ‘g++-15 (Debian 15.2.0-4) 15.2.0’
Flavor: r-devel-linux-x86_64-debian-gcc
Version: 0.0-1
Check: dependencies in R code
Result: NOTE
Namespace in Imports field not imported from: ‘MASS’
All declared Imports should be used.
Flavors: r-devel-linux-x86_64-fedora-clang, r-devel-linux-x86_64-fedora-gcc