Last updated on 2025-11-16 18:49:30 CET.
| Flavor | Version | Tinstall | Tcheck | Ttotal | Status | Flags |
|---|---|---|---|---|---|---|
| r-devel-linux-x86_64-debian-clang | 0.5.0 | 93.13 | 312.54 | 405.67 | OK | |
| r-devel-linux-x86_64-debian-gcc | 0.5.0 | 71.63 | 225.88 | 297.51 | OK | |
| r-devel-linux-x86_64-fedora-clang | 0.5.0 | 369.00 | 326.86 | 695.86 | OK | |
| r-devel-linux-x86_64-fedora-gcc | 0.5.0 | 187.00 | 496.94 | 683.94 | OK | |
| r-devel-windows-x86_64 | 0.5.0 | 124.00 | 336.00 | 460.00 | OK | |
| r-patched-linux-x86_64 | 0.5.0 | 100.38 | 311.58 | 411.96 | OK | |
| r-release-linux-x86_64 | 0.5.0 | 95.42 | 310.40 | 405.82 | OK | |
| r-release-macos-arm64 | 0.5.0 | 37.00 | 125.00 | 162.00 | OK | |
| r-release-macos-x86_64 | 0.5.0 | 46.00 | 269.00 | 315.00 | OK | |
| r-release-windows-x86_64 | 0.5.0 | 114.00 | 330.00 | 444.00 | OK | |
| r-oldrel-macos-arm64 | 0.5.0 | 33.00 | 123.00 | 156.00 | NOTE | |
| r-oldrel-macos-x86_64 | 0.5.0 | 44.00 | 263.00 | 307.00 | NOTE | |
| r-oldrel-windows-x86_64 | 0.5.0 | 135.00 | 430.00 | 565.00 | OK |
Version: 0.5.0
Check: installed package size
Result: NOTE
installed size is 10.9Mb
sub-directories of 1Mb or more:
doc 1.2Mb
libs 8.3Mb
Flavors: r-oldrel-macos-arm64, r-oldrel-macos-x86_64