Last updated on 2025-11-16 18:49:30 CET.
| Flavor | Version | Tinstall | Tcheck | Ttotal | Status | Flags |
|---|---|---|---|---|---|---|
| r-devel-linux-x86_64-debian-clang | 0.1.0 | 28.38 | 141.57 | 169.95 | OK | |
| r-devel-linux-x86_64-debian-gcc | 0.1.0 | 20.51 | 105.20 | 125.71 | OK | |
| r-devel-linux-x86_64-fedora-clang | 0.1.0 | 118.00 | 160.83 | 278.83 | OK | |
| r-devel-linux-x86_64-fedora-gcc | 0.1.0 | 51.00 | 212.91 | 263.91 | OK | |
| r-devel-windows-x86_64 | 0.1.0 | 45.00 | 156.00 | 201.00 | OK | |
| r-patched-linux-x86_64 | 0.1.0 | 30.80 | 135.78 | 166.58 | OK | |
| r-release-linux-x86_64 | 0.1.0 | 30.69 | 138.67 | 169.36 | OK | |
| r-release-macos-arm64 | 0.1.0 | 13.00 | 61.00 | 74.00 | OK | |
| r-release-macos-x86_64 | 0.1.0 | 20.00 | 121.00 | 141.00 | OK | |
| r-release-windows-x86_64 | 0.1.0 | 34.00 | 151.00 | 185.00 | OK | |
| r-oldrel-macos-arm64 | 0.1.0 | 12.00 | 65.00 | 77.00 | NOTE | |
| r-oldrel-macos-x86_64 | 0.1.0 | 26.00 | 117.00 | 143.00 | NOTE | |
| r-oldrel-windows-x86_64 | 0.1.0 | 44.00 | 188.00 | 232.00 | OK |
Version: 0.1.0
Check: installed package size
Result: NOTE
installed size is 5.6Mb
sub-directories of 1Mb or more:
doc 3.5Mb
libs 1.8Mb
Flavors: r-oldrel-macos-arm64, r-oldrel-macos-x86_64