Last updated on 2025-10-25 00:49:37 CEST.
| Flavor | Version | Tinstall | Tcheck | Ttotal | Status | Flags |
|---|---|---|---|---|---|---|
| r-devel-linux-x86_64-debian-clang | 0.2 | 3.94 | 43.85 | 47.79 | NOTE | |
| r-devel-linux-x86_64-debian-gcc | 0.2 | 2.83 | 33.39 | 36.22 | NOTE | |
| r-devel-linux-x86_64-fedora-clang | 0.2 | 15.00 | 60.12 | 75.12 | NOTE | |
| r-devel-linux-x86_64-fedora-gcc | 0.2 | 82.34 | NOTE | |||
| r-devel-windows-x86_64 | 0.2 | 5.00 | 58.00 | 63.00 | NOTE | |
| r-patched-linux-x86_64 | 0.2 | 4.00 | 40.65 | 44.65 | NOTE | |
| r-release-linux-x86_64 | 0.2 | 3.07 | 39.89 | 42.96 | NOTE | |
| r-release-macos-arm64 | 0.2 | 2.00 | 36.00 | 38.00 | NOTE | |
| r-release-macos-x86_64 | 0.2 | 4.00 | 55.00 | 59.00 | NOTE | |
| r-release-windows-x86_64 | 0.2 | 6.00 | 58.00 | 64.00 | NOTE | |
| r-oldrel-macos-arm64 | 0.2 | 2.00 | 32.00 | 34.00 | OK | |
| r-oldrel-macos-x86_64 | 0.2 | 3.00 | 70.00 | 73.00 | OK | |
| r-oldrel-windows-x86_64 | 0.2 | 8.00 | 71.00 | 79.00 | OK |
Version: 0.2
Check: DESCRIPTION meta-information
Result: NOTE
Missing dependency on R >= 4.1.0 because package code uses the pipe
|> or function shorthand \(...) syntax added in R 4.1.0.
File(s) using such syntax:
‘airport_footprint.R’ ‘airport_footprint.Rd’ ‘latlong_footprint.R’
‘latlong_footprint.Rd’
Flavors: r-devel-linux-x86_64-debian-clang, r-devel-linux-x86_64-debian-gcc, r-devel-linux-x86_64-fedora-clang, r-devel-linux-x86_64-fedora-gcc, r-devel-windows-x86_64, r-patched-linux-x86_64, r-release-linux-x86_64, r-release-macos-arm64, r-release-macos-x86_64, r-release-windows-x86_64