Last updated on 2024-06-27 16:49:05 CEST.
Flavor | Version | Tinstall | Tcheck | Ttotal | Status | Flags |
---|---|---|---|---|---|---|
r-devel-linux-x86_64-debian-clang | 0.0-5 | OK | ||||
r-devel-linux-x86_64-debian-gcc | 0.0-5 | 10.22 | 106.75 | 116.97 | OK | |
r-devel-linux-x86_64-fedora-clang | 0.0-5 | 211.14 | NOTE | |||
r-devel-linux-x86_64-fedora-gcc | 0.0-5 | 199.71 | NOTE | |||
r-devel-windows-x86_64 | 0.0-5 | 12.00 | 116.00 | 128.00 | OK | |
r-patched-linux-x86_64 | 0.0-5 | 12.80 | 141.13 | 153.93 | OK | |
r-release-linux-x86_64 | 0.0-5 | 12.37 | 122.89 | 135.26 | OK | |
r-release-macos-arm64 | 0.0-5 | 52.00 | OK | |||
r-release-macos-x86_64 | 0.0-5 | 89.00 | OK | |||
r-release-windows-x86_64 | 0.0-5 | 13.00 | 117.00 | 130.00 | OK | |
r-oldrel-macos-arm64 | 0.0-5 | 61.00 | OK | |||
r-oldrel-macos-x86_64 | 0.0-5 | 106.00 | OK | |||
r-oldrel-windows-x86_64 | 0.0-5 | 16.00 | 148.00 | 164.00 | OK |
Version: 0.0-5
Check: dependencies in R code
Result: NOTE
Namespace in Imports field not imported from: ‘pkgKitten’
All declared Imports should be used.
Flavors: r-devel-linux-x86_64-fedora-clang, r-devel-linux-x86_64-fedora-gcc