Last updated on 2025-11-16 00:48:32 CET.
| Flavor | Version | Tinstall | Tcheck | Ttotal | Status | Flags |
|---|---|---|---|---|---|---|
| r-devel-linux-x86_64-debian-clang | 0.2.5 | 49.19 | 70.98 | 120.17 | NOTE | |
| r-devel-linux-x86_64-debian-gcc | 0.2.5 | 29.69 | 49.50 | 79.19 | NOTE | |
| r-devel-linux-x86_64-fedora-clang | 0.2.5 | 166.00 | 65.58 | 231.58 | OK | |
| r-devel-linux-x86_64-fedora-gcc | 0.2.5 | 73.00 | 125.95 | 198.95 | OK | |
| r-devel-windows-x86_64 | 0.2.5 | 62.00 | 100.00 | 162.00 | OK | |
| r-patched-linux-x86_64 | 0.2.5 | 49.15 | 60.49 | 109.64 | OK | |
| r-release-linux-x86_64 | 0.2.5 | 50.47 | 60.79 | 111.26 | OK | |
| r-release-macos-arm64 | 0.2.5 | 18.00 | 36.00 | 54.00 | OK | |
| r-release-macos-x86_64 | 0.2.5 | 16.00 | 63.00 | 79.00 | OK | |
| r-release-windows-x86_64 | 0.2.5 | 59.00 | 96.00 | 155.00 | OK | |
| r-oldrel-macos-arm64 | 0.2.5 | 19.00 | 32.00 | 51.00 | OK | |
| r-oldrel-macos-x86_64 | 0.2.5 | 15.00 | 50.00 | 65.00 | OK | |
| r-oldrel-windows-x86_64 | 0.2.5 | 72.00 | 121.00 | 193.00 | OK |
Version: 0.2.5
Check: CRAN incoming feasibility
Result: NOTE
Maintainer: ‘Guillermo Basulto-Elias <guillermobasulto@gmail.com>’
No Authors@R field in DESCRIPTION.
Please add one, modifying
Authors@R: person(given = "Guillermo",
family = "Basulto-Elias",
role = c("aut", "cre"),
email = "guillermobasulto@gmail.com")
as necessary.
Flavors: r-devel-linux-x86_64-debian-clang, r-devel-linux-x86_64-debian-gcc