CRAN Package Check Results for Package fptdApprox

Last updated on 2025-04-29 13:51:23 CEST.

Flavor Version Tinstall Tcheck Ttotal Status Flags
r-devel-linux-x86_64-debian-clang 2.5 6.25 43.39 49.64 NOTE
r-devel-linux-x86_64-debian-gcc 2.5 4.17 28.93 33.10 NOTE
r-devel-linux-x86_64-fedora-clang 2.5 75.31 OK
r-devel-linux-x86_64-fedora-gcc 2.5 71.71 OK
r-devel-windows-x86_64 2.5 6.00 58.00 64.00 OK
r-patched-linux-x86_64 2.5 6.97 40.19 47.16 OK
r-release-linux-x86_64 2.5 5.16 40.10 45.26 OK
r-release-macos-arm64 2.5 24.00 OK
r-release-macos-x86_64 2.5 43.00 OK
r-release-windows-x86_64 2.5 6.00 63.00 69.00 OK
r-oldrel-macos-arm64 2.5 23.00 OK
r-oldrel-macos-x86_64 2.5 35.00 OK
r-oldrel-windows-x86_64 2.5 7.00 57.00 64.00 OK

Check Details

Version: 2.5
Check: CRAN incoming feasibility
Result: NOTE Maintainer: ‘Juan J. Serrano-Perez <jjserra@ugr.es>’ No Authors@R field in DESCRIPTION. Please add one, modifying Authors@R: c(person(given = "Patricia", family = "Roman-Roman", role = "aut"), person(given = c("Juan", "J."), family = "Serrano-Perez", role = c("aut", "cre"), email = "jjserra@ugr.es"), person(given = "Francisco", family = "Torres-Ruiz.", role = "aut")) as necessary. Flavors: r-devel-linux-x86_64-debian-clang, r-devel-linux-x86_64-debian-gcc