Last updated on 2025-11-16 12:49:31 CET.
| Flavor | Version | Tinstall | Tcheck | Ttotal | Status | Flags |
|---|---|---|---|---|---|---|
| r-devel-linux-x86_64-debian-clang | 1.1.4 | 1.91 | 23.19 | 25.10 | NOTE | |
| r-devel-linux-x86_64-debian-gcc | 1.1.4 | 1.41 | 19.51 | 20.92 | NOTE | |
| r-devel-linux-x86_64-fedora-clang | 1.1.4 | 36.31 | OK | |||
| r-devel-linux-x86_64-fedora-gcc | 1.1.4 | 33.68 | OK | |||
| r-devel-windows-x86_64 | 1.1.4 | 4.00 | 41.00 | 45.00 | OK | |
| r-patched-linux-x86_64 | 1.1.4 | 1.73 | 21.06 | 22.79 | OK | |
| r-release-linux-x86_64 | 1.1.4 | 1.59 | 21.10 | 22.69 | OK | |
| r-release-macos-arm64 | 1.1.4 | 1.00 | 16.00 | 17.00 | OK | |
| r-release-macos-x86_64 | 1.1.4 | 2.00 | 23.00 | 25.00 | OK | |
| r-release-windows-x86_64 | 1.1.4 | 4.00 | 40.00 | 44.00 | OK | |
| r-oldrel-macos-arm64 | 1.1.4 | 1.00 | 16.00 | 17.00 | OK | |
| r-oldrel-macos-x86_64 | 1.1.4 | 2.00 | 24.00 | 26.00 | OK | |
| r-oldrel-windows-x86_64 | 1.1.4 | 4.00 | 47.00 | 51.00 | OK |
Version: 1.1.4
Check: CRAN incoming feasibility
Result: NOTE
Maintainer: ‘Gábor Csárdi <csardi.gabor@gmail.com>’
No Authors@R field in DESCRIPTION.
Please add one, modifying
Authors@R: c(person(given = "Gabor",
family = "Csardi",
role = "aut"),
person(given = "Titus",
family = "Wormer",
role = "aut"),
person(given = "Maciej",
family = "Ceglowski",
role = "aut"),
person(given = c("Jacob", "R."),
family = "Rideout",
role = "aut"),
person(given = c("and", "Kent", "S."),
family = "Johnson",
role = "aut"),
person(given = "Gábor",
family = "Csárdi",
role = "cre",
email = "csardi.gabor@gmail.com"))
as necessary.
Flavors: r-devel-linux-x86_64-debian-clang, r-devel-linux-x86_64-debian-gcc