Last updated on 2025-04-29 13:51:23 CEST.
Flavor | Version | Tinstall | Tcheck | Ttotal | Status | Flags |
---|---|---|---|---|---|---|
r-devel-linux-x86_64-debian-clang | 0.1.3 | 1.58 | 17.97 | 19.55 | NOTE | |
r-devel-linux-x86_64-debian-gcc | 0.1.3 | 1.43 | 14.60 | 16.03 | NOTE | |
r-devel-linux-x86_64-fedora-clang | 0.1.3 | 30.46 | NOTE | |||
r-devel-linux-x86_64-fedora-gcc | 0.1.3 | 28.92 | NOTE | |||
r-devel-windows-x86_64 | 0.1.3 | 3.00 | 39.00 | 42.00 | OK | |
r-patched-linux-x86_64 | 0.1.3 | 1.76 | 17.33 | 19.09 | OK | |
r-release-linux-x86_64 | 0.1.3 | 1.58 | 17.28 | 18.86 | OK | |
r-release-macos-arm64 | 0.1.3 | 17.00 | OK | |||
r-release-macos-x86_64 | 0.1.3 | 23.00 | OK | |||
r-release-windows-x86_64 | 0.1.3 | 2.00 | 42.00 | 44.00 | OK | |
r-oldrel-macos-arm64 | 0.1.3 | 15.00 | OK | |||
r-oldrel-macos-x86_64 | 0.1.3 | 20.00 | OK | |||
r-oldrel-windows-x86_64 | 0.1.3 | 2.00 | 38.00 | 40.00 | OK |
Version: 0.1.3
Check: CRAN incoming feasibility
Result: NOTE
Maintainer: ‘Guanqiao Ding <gding16@gmail.com>’
No Authors@R field in DESCRIPTION.
Please add one, modifying
Authors@R: person(given = "Guanqiao",
family = "Ding",
role = c("aut", "cre"),
email = "gding16@gmail.com")
as necessary.
Flavors: r-devel-linux-x86_64-debian-clang, r-devel-linux-x86_64-debian-gcc
Version: 0.1.3
Check: dependencies in R code
Result: NOTE
Namespace in Imports field not imported from: ‘utils’
All declared Imports should be used.
Flavors: r-devel-linux-x86_64-fedora-clang, r-devel-linux-x86_64-fedora-gcc