Last updated on 2025-11-16 18:49:30 CET.
| Flavor | Version | Tinstall | Tcheck | Ttotal | Status | Flags |
|---|---|---|---|---|---|---|
| r-devel-linux-x86_64-debian-clang | 1.1-8 | 8.93 | 117.11 | 126.04 | NOTE | |
| r-devel-linux-x86_64-debian-gcc | 1.1-8 | 6.27 | 85.81 | 92.08 | NOTE | |
| r-devel-linux-x86_64-fedora-clang | 1.1-8 | 23.00 | 181.49 | 204.49 | OK | |
| r-devel-linux-x86_64-fedora-gcc | 1.1-8 | 45.00 | 180.06 | 225.06 | OK | |
| r-devel-windows-x86_64 | 1.1-8 | 16.00 | 150.00 | 166.00 | OK | |
| r-patched-linux-x86_64 | 1.1-8 | 7.35 | 115.54 | 122.89 | OK | |
| r-release-linux-x86_64 | 1.1-8 | 9.49 | 117.29 | 126.78 | OK | |
| r-release-macos-arm64 | 1.1-8 | 7.00 | 61.00 | 68.00 | OK | |
| r-release-macos-x86_64 | 1.1-8 | 10.00 | 114.00 | 124.00 | OK | |
| r-release-windows-x86_64 | 1.1-8 | 14.00 | 148.00 | 162.00 | OK | |
| r-oldrel-macos-arm64 | 1.1-8 | 5.00 | 56.00 | 61.00 | OK | |
| r-oldrel-macos-x86_64 | 1.1-8 | 8.00 | 80.00 | 88.00 | OK | |
| r-oldrel-windows-x86_64 | 1.1-8 | 18.00 | 180.00 | 198.00 | OK |
Version: 1.1-8
Check: CRAN incoming feasibility
Result: NOTE
Maintainer: ‘Arne Henningsen <arne.henningsen@gmail.com>’
No Authors@R field in DESCRIPTION.
Please add one, modifying
Authors@R: c(person(given = "Tim",
family = "Coelli",
role = "aut"),
person(given = "Arne",
family = "Henningsen",
role = c("aut", "cre"),
email = "arne.henningsen@gmail.com"))
as necessary.
Package CITATION file contains call(s) to old-style personList() or
as.personList(). Please use c() on person objects instead.
Package CITATION file contains call(s) to old-style citEntry(). Please
use bibentry() instead.
Flavors: r-devel-linux-x86_64-debian-clang, r-devel-linux-x86_64-debian-gcc