Last updated on 2024-06-27 16:49:05 CEST.
Flavor | Version | Tinstall | Tcheck | Ttotal | Status | Flags |
---|---|---|---|---|---|---|
r-devel-linux-x86_64-debian-clang | 0.4.5 | OK | ||||
r-devel-linux-x86_64-debian-gcc | 0.4.5 | 7.21 | 62.69 | 69.90 | OK | |
r-devel-linux-x86_64-fedora-clang | 0.4.5 | 119.73 | NOTE | |||
r-devel-linux-x86_64-fedora-gcc | 0.4.5 | 112.89 | OK | |||
r-devel-windows-x86_64 | 0.4.5 | 9.00 | 88.00 | 97.00 | OK | |
r-patched-linux-x86_64 | 0.4.5 | 9.50 | 77.76 | 87.26 | OK | |
r-release-linux-x86_64 | 0.4.5 | 7.74 | 79.39 | 87.13 | OK | |
r-release-macos-arm64 | 0.4.5 | 32.00 | OK | |||
r-release-macos-x86_64 | 0.4.5 | 53.00 | OK | |||
r-release-windows-x86_64 | 0.4.5 | 10.00 | 89.00 | 99.00 | OK | |
r-oldrel-macos-arm64 | 0.4.5 | 36.00 | OK | |||
r-oldrel-macos-x86_64 | 0.4.5 | 57.00 | OK | |||
r-oldrel-windows-x86_64 | 0.4.5 | 10.00 | 99.00 | 109.00 | OK |
Version: 0.4.5
Check: Rd cross-references
Result: NOTE
Undeclared package ‘chillR’ in Rd xrefs
Flavor: r-devel-linux-x86_64-fedora-clang