Last updated on 2025-04-29 13:51:23 CEST.
Flavor | Version | Tinstall | Tcheck | Ttotal | Status | Flags |
---|---|---|---|---|---|---|
r-devel-linux-x86_64-debian-clang | 1.1.1 | 2.22 | 22.08 | 24.30 | NOTE | |
r-devel-linux-x86_64-debian-gcc | 1.1.1 | 1.64 | 17.55 | 19.19 | NOTE | |
r-devel-linux-x86_64-fedora-clang | 1.1.1 | 36.78 | NOTE | |||
r-devel-linux-x86_64-fedora-gcc | 1.1.1 | 35.64 | NOTE | |||
r-devel-windows-x86_64 | 1.1.1 | 3.00 | 43.00 | 46.00 | NOTE | |
r-patched-linux-x86_64 | 1.1.1 | 2.41 | 21.10 | 23.51 | NOTE | |
r-release-linux-x86_64 | 1.1.1 | 1.64 | 21.12 | 22.76 | NOTE | |
r-release-macos-arm64 | 1.1.1 | 18.00 | NOTE | |||
r-release-macos-x86_64 | 1.1.1 | 26.00 | NOTE | |||
r-release-windows-x86_64 | 1.1.1 | 4.00 | 46.00 | 50.00 | NOTE | |
r-oldrel-macos-arm64 | 1.1.1 | 16.00 | NOTE | |||
r-oldrel-macos-x86_64 | 1.1.1 | 24.00 | NOTE | |||
r-oldrel-windows-x86_64 | 1.1.1 | 3.00 | 41.00 | 44.00 | NOTE |
Version: 1.1.1
Check: CRAN incoming feasibility
Result: NOTE
Maintainer: ‘Michela Battauz <michela.battauz@uniud.it>’
No Authors@R field in DESCRIPTION.
Please add one, modifying
Authors@R: person(given = "Michela",
family = "Battauz",
role = c("aut", "cre"),
email = "michela.battauz@uniud.it")
as necessary.
Flavors: r-devel-linux-x86_64-debian-clang, r-devel-linux-x86_64-debian-gcc
Version: 1.1.1
Check: Rd files
Result: NOTE
checkRd: (-1) report.Rd:18: Lost braces; missing escapes or markup?
18 | \item{las}{numeric in {0,1,2,3}; the style of axis labels (see \code{\link{par}}).}
| ^
Flavors: r-devel-linux-x86_64-debian-clang, r-devel-linux-x86_64-debian-gcc, r-devel-linux-x86_64-fedora-clang, r-devel-linux-x86_64-fedora-gcc, r-devel-windows-x86_64, r-patched-linux-x86_64, r-release-linux-x86_64, r-release-macos-arm64, r-release-macos-x86_64, r-release-windows-x86_64, r-oldrel-macos-arm64, r-oldrel-macos-x86_64, r-oldrel-windows-x86_64